CRAN Package Check Results for Package km.ci

Last updated on 2025-11-13 02:52:22 CET.

Flavor Version Tinstall Tcheck Ttotal Status Flags
r-devel-linux-x86_64-debian-clang 0.5-6 6.28 57.10 63.38 NOTE
r-devel-linux-x86_64-debian-gcc 0.5-6 4.97 41.92 46.89 NOTE
r-devel-linux-x86_64-fedora-clang 0.5-6 36.00 62.25 98.25 OK
r-devel-linux-x86_64-fedora-gcc 0.5-6 13.00 70.05 83.05 OK
r-devel-windows-x86_64 0.5-6 7.00 65.00 72.00 OK
r-patched-linux-x86_64 0.5-6 6.73 52.26 58.99 OK
r-release-linux-x86_64 0.5-6 6.80 52.75 59.55 OK
r-release-macos-arm64 0.5-6 3.00 30.00 33.00 OK
r-release-macos-x86_64 0.5-6 7.00 53.00 60.00 OK
r-release-windows-x86_64 0.5-6 7.00 63.00 70.00 OK
r-oldrel-macos-arm64 0.5-6 3.00 26.00 29.00 OK
r-oldrel-macos-x86_64 0.5-6 5.00 43.00 48.00 OK
r-oldrel-windows-x86_64 0.5-6 10.00 74.00 84.00 OK

Check Details

Version: 0.5-6
Check: CRAN incoming feasibility
Result: NOTE Maintainer: ‘Tobias Verbeke <tobias.verbeke@openanalytics.eu>’ No Authors@R field in DESCRIPTION. Please add one, modifying Authors@R: c(person(given = "Ralf", family = "Strobl", role = "aut", email = "rstrobl@ibe.med.uni-muenchen.de"), person(given = "Tobias", family = "Verbeke", role = "cre", email = "tobias.verbeke@openanalytics.eu")) as necessary. Flavors: r-devel-linux-x86_64-debian-clang, r-devel-linux-x86_64-debian-gcc