Last updated on 2025-05-29 02:50:52 CEST.
Flavor | Version | Tinstall | Tcheck | Ttotal | Status | Flags |
---|---|---|---|---|---|---|
r-devel-linux-x86_64-debian-clang | 0.5-6 | 6.97 | 53.71 | 60.68 | NOTE | |
r-devel-linux-x86_64-debian-gcc | 0.5-6 | 4.72 | 41.25 | 45.97 | NOTE | |
r-devel-linux-x86_64-fedora-clang | 0.5-6 | 93.33 | OK | |||
r-devel-linux-x86_64-fedora-gcc | 0.5-6 | 88.62 | OK | |||
r-devel-windows-x86_64 | 0.5-6 | 8.00 | 68.00 | 76.00 | OK | |
r-patched-linux-x86_64 | 0.5-6 | 6.76 | 51.63 | 58.39 | OK | |
r-release-linux-x86_64 | 0.5-6 | 6.70 | 51.31 | 58.01 | OK | |
r-release-macos-arm64 | 0.5-6 | 33.00 | OK | |||
r-release-macos-x86_64 | 0.5-6 | 60.00 | OK | |||
r-release-windows-x86_64 | 0.5-6 | 8.00 | 72.00 | 80.00 | OK | |
r-oldrel-macos-arm64 | 0.5-6 | 29.00 | OK | |||
r-oldrel-macos-x86_64 | 0.5-6 | 48.00 | OK | |||
r-oldrel-windows-x86_64 | 0.5-6 | 9.00 | 79.00 | 88.00 | OK |
Version: 0.5-6
Check: CRAN incoming feasibility
Result: NOTE
Maintainer: ‘Tobias Verbeke <tobias.verbeke@openanalytics.eu>’
No Authors@R field in DESCRIPTION.
Please add one, modifying
Authors@R: c(person(given = "Ralf",
family = "Strobl",
role = "aut",
email = "rstrobl@ibe.med.uni-muenchen.de"),
person(given = "Tobias",
family = "Verbeke",
role = "cre",
email = "tobias.verbeke@openanalytics.eu"))
as necessary.
Flavors: r-devel-linux-x86_64-debian-clang, r-devel-linux-x86_64-debian-gcc