Last updated on 2024-04-19 01:58:46 CEST.
Flavor | Version | Tinstall | Tcheck | Ttotal | Status | Flags |
---|---|---|---|---|---|---|
r-devel-linux-x86_64-debian-clang | 2.4.6.1 | 11.11 | 71.12 | 82.23 | OK | |
r-devel-linux-x86_64-debian-gcc | 2.4.6.1 | 8.02 | 53.77 | 61.79 | OK | |
r-devel-linux-x86_64-fedora-clang | 2.4.6.1 | 102.58 | NOTE | |||
r-devel-linux-x86_64-fedora-gcc | 2.4.6.1 | 97.84 | OK | |||
r-prerel-macos-arm64 | 2.4.6.1 | 44.00 | OK | |||
r-prerel-windows-x86_64 | 2.4.6.1 | 14.00 | 72.00 | 86.00 | OK | |
r-patched-linux-x86_64 | 2.4.6.1 | 17.05 | 67.25 | 84.30 | OK | |
r-release-linux-x86_64 | 2.4.6.1 | 7.88 | 64.59 | 72.47 | OK | |
r-release-macos-arm64 | 2.4.6.1 | 40.00 | OK | |||
r-release-macos-x86_64 | 2.4.6.1 | 69.00 | OK | |||
r-release-windows-x86_64 | 2.4.6.1 | 14.00 | 79.00 | 93.00 | OK | |
r-oldrel-macos-arm64 | 2.4.6.1 | 75.00 | OK | |||
r-oldrel-windows-x86_64 | 2.4.6.1 | 16.00 | 85.00 | 101.00 | OK |
Version: 2.4.6.1
Check: Rd cross-references
Result: NOTE
Undeclared package ‘kml3d’ in Rd xrefs
Flavor: r-devel-linux-x86_64-fedora-clang