Last updated on 2024-03-28 01:54:00 CET.
Flavor | Version | Tinstall | Tcheck | Ttotal | Status | Flags |
---|---|---|---|---|---|---|
r-devel-linux-x86_64-debian-clang | 1.1.0 | 3.17 | 34.24 | 37.41 | NOTE | |
r-devel-linux-x86_64-debian-gcc | 1.1.0 | 4.01 | 26.77 | 30.78 | NOTE | |
r-devel-linux-x86_64-fedora-clang | 1.1.0 | 50.05 | NOTE | |||
r-devel-linux-x86_64-fedora-gcc | 1.1.0 | 61.68 | NOTE | |||
r-devel-windows-x86_64 | 1.1.0 | 4.00 | 55.00 | 59.00 | NOTE | |
r-patched-linux-x86_64 | 1.1.0 | 3.77 | 31.30 | 35.07 | NOTE | |
r-release-linux-x86_64 | 1.1.0 | 4.83 | 31.41 | 36.24 | NOTE | |
r-release-macos-arm64 | 1.1.0 | 33.00 | NOTE | |||
r-release-macos-x86_64 | 1.1.0 | 44.00 | NOTE | |||
r-release-windows-x86_64 | 1.1.0 | 4.00 | 54.00 | 58.00 | NOTE | |
r-oldrel-macos-arm64 | 1.1.0 | 28.00 | NOTE | |||
r-oldrel-windows-x86_64 | 1.1.0 | 5.00 | 60.00 | 65.00 | NOTE |
Version: 1.1.0
Check: LazyData
Result: NOTE
'LazyData' is specified without a 'data' directory
Flavors: r-devel-linux-x86_64-debian-clang, r-devel-linux-x86_64-debian-gcc, r-devel-linux-x86_64-fedora-clang, r-devel-linux-x86_64-fedora-gcc, r-devel-windows-x86_64, r-patched-linux-x86_64, r-release-linux-x86_64, r-release-macos-arm64, r-release-macos-x86_64, r-release-windows-x86_64, r-oldrel-macos-arm64, r-oldrel-windows-x86_64
Version: 1.1.0
Check: for non-standard things in the check directory
Result: NOTE
Found the following files/directories:
‘Killed after ’
Flavors: r-devel-linux-x86_64-debian-clang, r-devel-linux-x86_64-debian-gcc, r-devel-linux-x86_64-fedora-clang, r-devel-linux-x86_64-fedora-gcc, r-patched-linux-x86_64, r-release-linux-x86_64