Last updated on 2024-04-19 01:58:46 CEST.
Flavor | Version | Tinstall | Tcheck | Ttotal | Status | Flags |
---|---|---|---|---|---|---|
r-devel-linux-x86_64-debian-clang | 0.4.4 | 5.50 | 48.26 | 53.76 | NOTE | |
r-devel-linux-x86_64-debian-gcc | 0.4.4 | 3.51 | 36.34 | 39.85 | NOTE | |
r-devel-linux-x86_64-fedora-clang | 0.4.4 | 67.85 | NOTE | |||
r-devel-linux-x86_64-fedora-gcc | 0.4.4 | 62.73 | NOTE | |||
r-prerel-macos-arm64 | 0.4.4 | 25.00 | NOTE | |||
r-prerel-windows-x86_64 | 0.4.4 | 6.00 | 56.00 | 62.00 | NOTE | |
r-patched-linux-x86_64 | 0.4.4 | 5.20 | 46.01 | 51.21 | NOTE | |
r-release-linux-x86_64 | 0.4.4 | 3.33 | 46.05 | 49.38 | NOTE | |
r-release-macos-arm64 | 0.4.4 | 24.00 | NOTE | |||
r-release-macos-x86_64 | 0.4.4 | 35.00 | NOTE | |||
r-release-windows-x86_64 | 0.4.4 | 7.00 | 60.00 | 67.00 | NOTE | |
r-oldrel-macos-arm64 | 0.4.4 | 25.00 | NOTE | |||
r-oldrel-windows-x86_64 | 0.4.4 | 7.00 | 71.00 | 78.00 | NOTE |
Version: 0.4.4
Check: LazyData
Result: NOTE
'LazyData' is specified without a 'data' directory
Flavors: r-devel-linux-x86_64-debian-clang, r-devel-linux-x86_64-debian-gcc, r-devel-linux-x86_64-fedora-clang, r-devel-linux-x86_64-fedora-gcc, r-prerel-macos-arm64, r-prerel-windows-x86_64, r-patched-linux-x86_64, r-release-linux-x86_64, r-release-macos-arm64, r-release-macos-x86_64, r-release-windows-x86_64, r-oldrel-macos-arm64, r-oldrel-windows-x86_64