CRAN Package Check Results for Package koRpus

Last updated on 2022-07-01 01:49:34 CEST.

Flavor Version Tinstall Tcheck Ttotal Status Flags
r-devel-linux-x86_64-debian-clang 0.13-8 26.09 178.08 204.17 NOTE
r-devel-linux-x86_64-debian-gcc 0.13-8 21.43 131.00 152.43 NOTE
r-devel-linux-x86_64-fedora-clang 0.13-8 248.88 NOTE
r-devel-linux-x86_64-fedora-gcc 0.13-8 248.36 NOTE
r-devel-windows-x86_64 0.13-8 117.00 233.00 350.00 NOTE
r-patched-linux-x86_64 0.13-8 21.51 168.31 189.82 NOTE
r-release-linux-x86_64 0.13-8 23.58 168.23 191.81 NOTE
r-release-macos-arm64 0.13-8 63.00 NOTE
r-release-macos-x86_64 0.13-8 98.00 NOTE
r-release-windows-x86_64 0.13-8 95.00 228.00 323.00 NOTE
r-oldrel-macos-arm64 0.13-8 74.00 NOTE
r-oldrel-macos-x86_64 0.13-8 130.00 NOTE
r-oldrel-windows-ix86+x86_64 0.13-8 45.00 212.00 257.00 NOTE

Check Details

Version: 0.13-8
Check: package dependencies
Result: NOTE
    Packages suggested but not available for checking:
     'koRpus.lang.de', 'koRpus.lang.es', 'koRpus.lang.fr',
     'koRpus.lang.it', 'koRpus.lang.nl', 'koRpus.lang.pt',
     'koRpus.lang.ru'
    
    Package which this enhances but not available for checking: 'rkward'
Flavors: r-devel-linux-x86_64-debian-clang, r-devel-linux-x86_64-debian-gcc, r-devel-linux-x86_64-fedora-clang, r-devel-linux-x86_64-fedora-gcc, r-devel-windows-x86_64, r-patched-linux-x86_64, r-release-linux-x86_64, r-release-macos-arm64, r-release-macos-x86_64, r-release-windows-x86_64, r-oldrel-macos-arm64, r-oldrel-macos-x86_64, r-oldrel-windows-ix86+x86_64