CRAN Package Check Results for Package konfound

Last updated on 2022-01-20 01:50:39 CET.

Flavor Version Tinstall Tcheck Ttotal Status Flags
r-devel-linux-x86_64-debian-clang 0.4.0 OK
r-devel-linux-x86_64-debian-gcc 0.4.0 6.53 68.55 75.08 OK
r-devel-linux-x86_64-fedora-clang 0.4.0 118.11 NOTE
r-devel-linux-x86_64-fedora-gcc 0.4.0 105.94 NOTE
r-devel-windows-x86_64-new-UL 0.4.0 47.00 113.00 160.00 OK
r-devel-windows-x86_64-new-TK 0.4.0 NOTE
r-patched-linux-x86_64 0.4.0 7.20 84.97 92.17 OK
r-release-linux-x86_64 0.4.0 OK
r-release-macos-arm64 0.4.0 NOTE
r-release-macos-x86_64 0.4.0 NOTE
r-release-windows-ix86+x86_64 0.4.0 16.00 101.00 117.00 OK
r-oldrel-macos-x86_64 0.4.0 NOTE
r-oldrel-windows-ix86+x86_64 0.4.0 16.00 102.00 118.00 OK

Check Details

Version: 0.4.0
Check: dependencies in R code
Result: NOTE
    Namespaces in Imports field not imported from:
     ‘mice’ ‘tibble’
     All declared Imports should be used.
Flavors: r-devel-linux-x86_64-fedora-clang, r-devel-linux-x86_64-fedora-gcc, r-devel-windows-x86_64-new-TK, r-release-macos-arm64, r-release-macos-x86_64, r-oldrel-macos-x86_64