CRAN Package Check Results for Package ks

Last updated on 2020-02-20 15:48:30 CET.

Flavor Version Tinstall Tcheck Ttotal Status Flags
r-devel-linux-x86_64-debian-clang 1.11.7 22.05 180.53 202.58 OK
r-devel-linux-x86_64-debian-gcc 1.11.7 18.65 132.50 151.15 OK
r-devel-linux-x86_64-fedora-clang 1.11.7 238.58 OK
r-devel-linux-x86_64-fedora-gcc 1.11.7 234.70 OK
r-devel-windows-ix86+x86_64 1.11.7 35.00 238.00 273.00 OK
r-devel-windows-ix86+x86_64-gcc8 1.11.6 50.00 297.00 347.00 OK
r-patched-linux-x86_64 1.11.7 21.72 160.51 182.23 OK
r-patched-solaris-x86 1.11.7 394.60 OK
r-release-linux-x86_64 1.11.7 23.59 160.53 184.12 OK
r-release-windows-ix86+x86_64 1.11.7 35.00 227.00 262.00 OK
r-release-osx-x86_64 1.11.7 NOTE
r-oldrel-windows-ix86+x86_64 1.11.7 42.00 278.00 320.00 OK
r-oldrel-osx-x86_64 1.11.7 NOTE

Check Details

Version: 1.11.7
Check: dependencies in R code
Result: NOTE
    No protocol specified
Flavors: r-release-osx-x86_64, r-oldrel-osx-x86_64