Last updated on 2023-06-05 01:52:08 CEST.
Flavor | Version | Tinstall | Tcheck | Ttotal | Status | Flags |
---|---|---|---|---|---|---|
r-devel-linux-x86_64-debian-clang | 1.0.1 | 39.50 | 184.04 | 223.54 | OK | |
r-devel-linux-x86_64-debian-gcc | 1.0.1 | 46.44 | 139.74 | 186.18 | OK | |
r-devel-linux-x86_64-fedora-clang | 1.0.1 | 283.61 | OK | |||
r-devel-linux-x86_64-fedora-gcc | 1.0.1 | 271.89 | OK | |||
r-devel-windows-x86_64 | 1.0.1 | 59.00 | 169.00 | 228.00 | OK | |
r-patched-linux-x86_64 | 1.0.1 | 41.09 | 174.35 | 215.44 | OK | |
r-release-linux-x86_64 | 1.0.1 | 38.23 | 171.61 | 209.84 | OK | |
r-release-macos-arm64 | 1.0.1 | 154.00 | NOTE | |||
r-release-macos-x86_64 | 1.0.1 | 203.00 | NOTE | |||
r-release-windows-x86_64 | 1.0.1 | 41.00 | 196.00 | 237.00 | OK | |
r-oldrel-macos-arm64 | 1.0.1 | 142.00 | NOTE | |||
r-oldrel-macos-x86_64 | 1.0.1 | 152.00 | OK | |||
r-oldrel-windows-x86_64 | 1.0.1 | 41.00 | 191.00 | 232.00 | OK |
Version: 1.0.1
Check: installed package size
Result: NOTE
installed size is 5.4Mb
sub-directories of 1Mb or more:
R 5.2Mb
Flavors: r-release-macos-arm64, r-release-macos-x86_64, r-oldrel-macos-arm64