Last updated on 2024-03-28 01:54:01 CET.
Flavor | Version | Tinstall | Tcheck | Ttotal | Status | Flags |
---|---|---|---|---|---|---|
r-devel-linux-x86_64-debian-clang | 1.0.1 | 37.28 | 167.17 | 204.45 | NOTE | |
r-devel-linux-x86_64-debian-gcc | 1.0.1 | 50.46 | 127.82 | 178.28 | NOTE | |
r-devel-linux-x86_64-fedora-clang | 1.0.1 | 260.70 | NOTE | |||
r-devel-linux-x86_64-fedora-gcc | 1.0.1 | 258.83 | NOTE | |||
r-devel-windows-x86_64 | 1.0.1 | 57.00 | 175.00 | 232.00 | NOTE | |
r-patched-linux-x86_64 | 1.0.1 | 39.64 | 161.92 | 201.56 | OK | |
r-release-linux-x86_64 | 1.0.1 | 38.15 | 164.24 | 202.39 | OK | |
r-release-macos-arm64 | 1.0.1 | 154.00 | NOTE | |||
r-release-macos-x86_64 | 1.0.1 | 203.00 | NOTE | |||
r-release-windows-x86_64 | 1.0.1 | 45.00 | 193.00 | 238.00 | OK | |
r-oldrel-macos-arm64 | 1.0.1 | 142.00 | NOTE | |||
r-oldrel-windows-x86_64 | 1.0.1 | 45.00 | 194.00 | 239.00 | OK |
Version: 1.0.1
Check: Rd files
Result: NOTE
checkRd: (-1) ln_quantile_value.Rd:44: Lost braces in \itemize; \value handles \item{}{} directly
checkRd: (-1) ln_quantile_value.Rd:45: Lost braces in \itemize; \value handles \item{}{} directly
checkRd: (-1) ln_quantile_value.Rd:46: Lost braces in \itemize; \value handles \item{}{} directly
checkRd: (-1) ln_quantile_value.Rd:47: Lost braces in \itemize; \value handles \item{}{} directly
checkRd: (-1) ln_quantile_value.Rd:48: Lost braces in \itemize; \value handles \item{}{} directly
checkRd: (-1) ln_quantile_value.Rd:49: Lost braces in \itemize; \value handles \item{}{} directly
Flavors: r-devel-linux-x86_64-debian-clang, r-devel-linux-x86_64-debian-gcc, r-devel-linux-x86_64-fedora-clang, r-devel-linux-x86_64-fedora-gcc, r-devel-windows-x86_64
Version: 1.0.1
Check: installed package size
Result: NOTE
installed size is 5.4Mb
sub-directories of 1Mb or more:
R 5.2Mb
Flavors: r-release-macos-arm64, r-release-macos-x86_64, r-oldrel-macos-arm64