Last updated on 2024-08-16 01:48:21 CEST.
Flavor | Version | Tinstall | Tcheck | Ttotal | Status | Flags |
---|---|---|---|---|---|---|
r-devel-linux-x86_64-debian-clang | 2.1-0 | 13.42 | 84.41 | 97.83 | NOTE | |
r-devel-linux-x86_64-debian-gcc | 2.1-0 | 8.81 | 59.48 | 68.29 | NOTE | |
r-devel-linux-x86_64-fedora-clang | 2.1-0 | 149.96 | NOTE | |||
r-devel-linux-x86_64-fedora-gcc | 2.1-0 | 142.09 | NOTE | |||
r-devel-windows-x86_64 | 2.1-0 | 17.00 | 107.00 | 124.00 | NOTE | |
r-patched-linux-x86_64 | 2.1-0 | 12.34 | 77.96 | 90.30 | NOTE | |
r-release-linux-x86_64 | 2.1-0 | 10.81 | 77.45 | 88.26 | NOTE | |
r-release-macos-arm64 | 2.1-0 | 44.00 | NOTE | |||
r-release-macos-x86_64 | 2.1-0 | 65.00 | NOTE | |||
r-release-windows-x86_64 | 2.1-0 | 17.00 | 105.00 | 122.00 | NOTE | |
r-oldrel-macos-arm64 | 2.1-0 | 48.00 | OK | |||
r-oldrel-macos-x86_64 | 2.1-0 | 120.00 | OK | |||
r-oldrel-windows-x86_64 | 2.1-0 | 22.00 | 128.00 | 150.00 | OK |
Version: 2.1-0
Check: Rd files
Result: NOTE
checkRd: (-1) reconcile.Rd:26: Lost braces
26 | refer to as the sQuote{comm} data.frame. The other data.frame contains all the
| ^
Flavors: r-devel-linux-x86_64-debian-clang, r-devel-linux-x86_64-debian-gcc, r-devel-linux-x86_64-fedora-clang, r-devel-linux-x86_64-fedora-gcc, r-devel-windows-x86_64, r-patched-linux-x86_64, r-release-linux-x86_64, r-release-macos-arm64, r-release-macos-x86_64, r-release-windows-x86_64
Version: 2.1-0
Check: Rd cross-references
Result: NOTE
Undeclared package ‘fso’ in Rd xrefs
Flavor: r-devel-linux-x86_64-fedora-clang
Version: 2.1-0
Check: compiled code
Result: NOTE
File ‘labdsv/libs/labdsv.so’:
Found no calls to: ‘R_registerRoutines’, ‘R_useDynamicSymbols’
It is good practice to register native routines and to disable symbol
search.
See ‘Writing portable packages’ in the ‘Writing R Extensions’ manual.
Flavors: r-devel-linux-x86_64-fedora-clang, r-devel-linux-x86_64-fedora-gcc