Last updated on 2025-11-13 02:52:23 CET.
| Flavor | Version | Tinstall | Tcheck | Ttotal | Status | Flags |
|---|---|---|---|---|---|---|
| r-devel-linux-x86_64-debian-clang | 1.0-1 | 10.62 | 92.96 | 103.58 | NOTE | |
| r-devel-linux-x86_64-debian-gcc | 1.0-1 | 8.03 | 72.20 | 80.23 | NOTE | |
| r-devel-linux-x86_64-fedora-clang | 1.0-1 | 35.00 | 125.68 | 160.68 | OK | |
| r-devel-linux-x86_64-fedora-gcc | 1.0-1 | 24.00 | 122.15 | 146.15 | OK | |
| r-devel-windows-x86_64 | 1.0-1 | 12.00 | 94.00 | 106.00 | OK | |
| r-patched-linux-x86_64 | 1.0-1 | 10.30 | 89.60 | 99.90 | NOTE | |
| r-release-linux-x86_64 | 1.0-1 | 10.57 | 91.07 | 101.64 | NOTE | |
| r-release-macos-arm64 | 1.0-1 | 5.00 | 44.00 | 49.00 | OK | |
| r-release-macos-x86_64 | 1.0-1 | 8.00 | 83.00 | 91.00 | OK | |
| r-release-windows-x86_64 | 1.0-1 | 12.00 | 93.00 | 105.00 | OK | |
| r-oldrel-macos-arm64 | 1.0-1 | 5.00 | 40.00 | 45.00 | NOTE | |
| r-oldrel-macos-x86_64 | 1.0-1 | 7.00 | 62.00 | 69.00 | NOTE | |
| r-oldrel-windows-x86_64 | 1.0-1 | 15.00 | 118.00 | 133.00 | NOTE |
Version: 1.0-1
Check: for unstated dependencies in ‘demo’
Result: NOTE
'library' or 'require' call not declared from: ‘strucchange’
Flavors: r-devel-linux-x86_64-debian-clang, r-devel-linux-x86_64-debian-gcc, r-patched-linux-x86_64, r-release-linux-x86_64
Version: 1.0-1
Check: installed package size
Result: NOTE
installed size is 8.4Mb
sub-directories of 1Mb or more:
data 8.2Mb
Flavors: r-oldrel-macos-arm64, r-oldrel-macos-x86_64, r-oldrel-windows-x86_64