Last updated on 2023-03-30 01:49:27 CEST.
Flavor | Version | Tinstall | Tcheck | Ttotal | Status | Flags |
---|---|---|---|---|---|---|
r-devel-linux-x86_64-debian-clang | 2.1.2 | 21.63 | 28.44 | 50.07 | NOTE | |
r-devel-linux-x86_64-debian-gcc | 2.1.2 | 14.61 | 22.50 | 37.11 | NOTE | |
r-devel-linux-x86_64-fedora-clang | 2.1.2 | 71.02 | NOTE | |||
r-devel-linux-x86_64-fedora-gcc | 2.1.2 | 61.25 | NOTE | |||
r-devel-windows-x86_64 | 2.1.2 | 30.00 | 0.00 | 30.00 | NOTE | |
r-patched-linux-x86_64 | 2.1.2 | 15.76 | 27.51 | 43.27 | NOTE | |
r-release-linux-x86_64 | 2.1.2 | 16.00 | 28.01 | 44.01 | NOTE | |
r-release-macos-arm64 | 2.1.2 | 34.00 | NOTE | |||
r-release-macos-x86_64 | 2.1.2 | 33.00 | NOTE | |||
r-release-windows-x86_64 | 2.1.2 | 27.00 | 79.00 | 106.00 | NOTE | |
r-oldrel-macos-arm64 | 2.1.2 | 34.00 | NOTE | |||
r-oldrel-macos-x86_64 | 2.1.2 | 38.00 | NOTE | |||
r-oldrel-windows-ix86+x86_64 | 2.1.2 | 52.00 | 79.00 | 131.00 | NOTE |
Version: 2.1.2
Check: for GNU extensions in Makefiles
Result: NOTE
GNU make is a SystemRequirements.
Flavors: r-devel-linux-x86_64-debian-clang, r-devel-linux-x86_64-debian-gcc, r-devel-linux-x86_64-fedora-clang, r-devel-linux-x86_64-fedora-gcc, r-devel-windows-x86_64, r-patched-linux-x86_64, r-release-linux-x86_64, r-release-macos-arm64, r-release-macos-x86_64, r-release-windows-x86_64, r-oldrel-macos-arm64, r-oldrel-macos-x86_64, r-oldrel-windows-ix86+x86_64
Version: 2.1.2
Check: Rd cross-references
Result: NOTE
Undeclared package ‘gsl’ in Rd xrefs
Flavor: r-devel-linux-x86_64-fedora-clang