Last updated on 2024-05-02 01:57:02 CEST.
Flavor | Version | Tinstall | Tcheck | Ttotal | Status | Flags |
---|---|---|---|---|---|---|
r-devel-linux-x86_64-debian-clang | 1.4.0 | 112.00 | 222.57 | 334.57 | OK | |
r-devel-linux-x86_64-debian-gcc | 1.4.0 | 78.63 | 165.09 | 243.72 | OK | |
r-devel-linux-x86_64-fedora-clang | 1.4.0 | 446.55 | OK | |||
r-devel-linux-x86_64-fedora-gcc | 1.4.0 | 434.12 | OK | |||
r-devel-windows-x86_64 | 1.4.0 | 81.00 | 245.00 | 326.00 | NOTE | |
r-patched-linux-x86_64 | 1.4.0 | 74.05 | 217.05 | 291.10 | OK | |
r-release-linux-x86_64 | 1.4.0 | 72.38 | 214.34 | 286.72 | OK | |
r-release-macos-arm64 | 1.4.0 | 119.00 | NOTE | |||
r-release-macos-x86_64 | 1.4.0 | 276.00 | NOTE | |||
r-release-windows-x86_64 | 1.4.0 | 83.00 | 234.00 | 317.00 | NOTE | |
r-oldrel-macos-arm64 | 1.4.0 | 139.00 | NOTE | |||
r-oldrel-macos-x86_64 | 1.4.0 | 250.00 | NOTE | |||
r-oldrel-windows-x86_64 | 1.4.0 | 103.00 | 280.00 | 383.00 | NOTE |
Version: 1.4.0
Check: installed package size
Result: NOTE
installed size is 5.7Mb
sub-directories of 1Mb or more:
doc 1.8Mb
libs 1.7Mb
Flavors: r-devel-windows-x86_64, r-release-macos-arm64, r-release-macos-x86_64, r-release-windows-x86_64, r-oldrel-macos-arm64, r-oldrel-macos-x86_64, r-oldrel-windows-x86_64