Last updated on 2024-04-23 01:57:03 CEST.
Flavor | Version | Tinstall | Tcheck | Ttotal | Status | Flags |
---|---|---|---|---|---|---|
r-devel-linux-x86_64-debian-clang | 1.2.4 | 2.94 | 34.81 | 37.75 | NOTE | |
r-devel-linux-x86_64-debian-gcc | 1.2.4 | 2.21 | 27.11 | 29.32 | NOTE | |
r-devel-linux-x86_64-fedora-clang | 1.2.4 | 47.39 | NOTE | |||
r-devel-linux-x86_64-fedora-gcc | 1.2.4 | 58.48 | NOTE | |||
r-prerel-macos-arm64 | 1.2.4 | 26.00 | NOTE | |||
r-prerel-windows-x86_64 | 1.2.4 | 4.00 | 49.00 | 53.00 | NOTE | |
r-patched-linux-x86_64 | 1.2.4 | 3.01 | 33.49 | 36.50 | NOTE | |
r-release-linux-x86_64 | 1.2.4 | 2.92 | 31.68 | 34.60 | NOTE | |
r-release-macos-arm64 | 1.2.4 | 24.00 | NOTE | |||
r-release-macos-x86_64 | 1.2.4 | 38.00 | NOTE | |||
r-release-windows-x86_64 | 1.2.4 | 5.00 | 48.00 | 53.00 | NOTE | |
r-oldrel-macos-arm64 | 1.2.4 | 19.00 | NOTE | |||
r-oldrel-windows-x86_64 | 1.2.4 | 4.00 | 54.00 | 58.00 | NOTE |
Version: 1.2.4
Check: LazyData
Result: NOTE
'LazyData' is specified without a 'data' directory
Flavors: r-devel-linux-x86_64-debian-clang, r-devel-linux-x86_64-debian-gcc, r-devel-linux-x86_64-fedora-clang, r-devel-linux-x86_64-fedora-gcc, r-prerel-macos-arm64, r-prerel-windows-x86_64, r-patched-linux-x86_64, r-release-linux-x86_64, r-release-macos-arm64, r-release-macos-x86_64, r-release-windows-x86_64, r-oldrel-macos-arm64, r-oldrel-windows-x86_64