CRAN Package Check Results for Package lans2r

Last updated on 2019-12-09 19:46:59 CET.

Flavor Version Tinstall Tcheck Ttotal Status Flags
r-devel-linux-x86_64-debian-clang 1.0.5 6.30 100.29 106.59 OK
r-devel-linux-x86_64-debian-gcc 1.0.5 5.56 73.49 79.05 OK
r-devel-linux-x86_64-fedora-clang 1.0.5 127.27 OK
r-devel-linux-x86_64-fedora-gcc 1.0.5 120.04 OK
r-devel-windows-ix86+x86_64 1.0.5 16.00 140.00 156.00 OK
r-devel-windows-ix86+x86_64-gcc8 1.0.5 19.00 117.00 136.00 OK
r-patched-linux-x86_64 1.0.5 6.03 88.63 94.66 OK
r-patched-solaris-x86 1.0.5 176.70 NOTE
r-release-linux-x86_64 1.0.5 5.55 87.95 93.50 OK
r-release-windows-ix86+x86_64 1.0.5 15.00 107.00 122.00 OK
r-release-osx-x86_64 1.0.5 OK
r-oldrel-windows-ix86+x86_64 1.0.5 10.00 97.00 107.00 OK
r-oldrel-osx-x86_64 1.0.5 OK

Check Details

Version: 1.0.5
Check: installed package size
Result: NOTE
     installed size is 5.7Mb
     sub-directories of 1Mb or more:
     doc 2.5Mb
     extdata 3.1Mb
Flavor: r-patched-solaris-x86