CRAN Package Check Results for Package lares

Last updated on 2025-05-02 02:50:58 CEST.

Flavor Version Tinstall Tcheck Ttotal Status Flags
r-devel-linux-x86_64-debian-clang 5.2.13 28.42 206.43 234.85 NOTE
r-devel-linux-x86_64-debian-gcc 5.2.13 17.10 131.28 148.38 OK
r-devel-linux-x86_64-fedora-clang 5.2.13 347.66 OK
r-devel-linux-x86_64-fedora-gcc 5.2.13 329.93 OK
r-devel-windows-x86_64 5.2.13 29.00 240.00 269.00 OK
r-patched-linux-x86_64 5.2.13 34.20 188.87 223.07 OK
r-release-linux-x86_64 OK
r-release-macos-arm64 5.2.13 84.00 OK
r-release-macos-x86_64 5.2.13 193.00 OK
r-release-windows-x86_64 5.2.13 31.00 260.00 291.00 OK
r-oldrel-macos-arm64 5.2.13 88.00 OK
r-oldrel-macos-x86_64 5.2.13 170.00 OK
r-oldrel-windows-x86_64 5.2.13 39.00 298.00 337.00 OK

Check Details

Version: 5.2.13
Check: examples
Result: NOTE Examples with CPU (user + system) or elapsed time > 5s user system elapsed distr 5.779 0.158 7.116 corr_cross 3.947 0.069 5.396 wordle 2.917 0.229 7.552 Flavor: r-devel-linux-x86_64-debian-clang