Last updated on 2022-08-20 01:50:01 CEST.
Flavor | Version | Tinstall | Tcheck | Ttotal | Status | Flags |
---|---|---|---|---|---|---|
r-devel-linux-x86_64-debian-clang | 2.10.6 | 22.89 | 190.83 | 213.72 | NOTE | |
r-devel-linux-x86_64-debian-gcc | 2.10.6 | 15.56 | 138.48 | 154.04 | NOTE | |
r-devel-linux-x86_64-fedora-clang | 2.10.6 | 263.68 | NOTE | |||
r-devel-linux-x86_64-fedora-gcc | 2.10.6 | 274.09 | NOTE | |||
r-devel-windows-x86_64 | 2.10.6 | 74.00 | 221.00 | 295.00 | NOTE | |
r-patched-linux-x86_64 | 2.10.6 | 26.04 | 177.14 | 203.18 | NOTE | |
r-release-linux-x86_64 | 2.10.6 | NOTE | ||||
r-release-macos-arm64 | 2.10.6 | 67.00 | NOTE | |||
r-release-macos-x86_64 | 2.10.6 | 98.00 | NOTE | |||
r-release-windows-x86_64 | 2.10.6 | 80.00 | 211.00 | 291.00 | NOTE | |
r-oldrel-macos-arm64 | 2.10.6 | 65.00 | NOTE | |||
r-oldrel-macos-x86_64 | 2.10.6 | 96.00 | NOTE | |||
r-oldrel-windows-ix86+x86_64 | 2.10.6 | 54.00 | 306.00 | 360.00 | NOTE |
Version: 2.10.6
Check: package dependencies
Result: NOTE
Package suggested but not available for checking: 'ergm.userterms'
Flavors: r-devel-linux-x86_64-debian-clang, r-devel-linux-x86_64-debian-gcc, r-devel-linux-x86_64-fedora-clang, r-devel-linux-x86_64-fedora-gcc, r-patched-linux-x86_64, r-release-linux-x86_64
Version: 2.10.6
Check: Rd files
Result: NOTE
checkRd: (-1) simulate.ergmm.Rd:35: Escaped LaTeX specials: \$
checkRd: (-1) simulate.ergmm.Rd:36: Escaped LaTeX specials: \$
Flavors: r-devel-linux-x86_64-debian-clang, r-devel-linux-x86_64-debian-gcc, r-devel-linux-x86_64-fedora-clang, r-devel-linux-x86_64-fedora-gcc, r-devel-windows-x86_64
Version: 2.10.6
Check: Rd cross-references
Result: NOTE
Unknown package 'ergm.userterms' in Rd xrefs
Flavors: r-devel-linux-x86_64-debian-clang, r-devel-linux-x86_64-debian-gcc, r-devel-linux-x86_64-fedora-clang, r-devel-linux-x86_64-fedora-gcc, r-patched-linux-x86_64, r-release-linux-x86_64
Version: 2.10.6
Check: for GNU extensions in Makefiles
Result: NOTE
GNU make is a SystemRequirements.
Flavors: r-devel-linux-x86_64-debian-clang, r-devel-linux-x86_64-debian-gcc, r-devel-linux-x86_64-fedora-clang, r-devel-linux-x86_64-fedora-gcc, r-devel-windows-x86_64, r-patched-linux-x86_64, r-release-linux-x86_64, r-release-macos-arm64, r-release-macos-x86_64, r-release-windows-x86_64, r-oldrel-macos-arm64, r-oldrel-macos-x86_64, r-oldrel-windows-ix86+x86_64