CRAN Package Check Results for Package latex2exp

Last updated on 2020-02-18 03:47:42 CET.

Flavor Version Tinstall Tcheck Ttotal Status Flags
r-devel-linux-x86_64-debian-clang 0.4.0 2.51 30.77 33.28 NOTE
r-devel-linux-x86_64-debian-gcc 0.4.0 1.88 23.10 24.98 NOTE
r-devel-linux-x86_64-fedora-clang 0.4.0 39.73 OK
r-devel-linux-x86_64-fedora-gcc 0.4.0 38.55 OK
r-devel-windows-ix86+x86_64 0.4.0 5.00 42.00 47.00 NOTE
r-devel-windows-ix86+x86_64-gcc8 0.4.0 7.00 70.00 77.00 NOTE
r-patched-linux-x86_64 0.4.0 2.00 27.97 29.97 OK
r-patched-solaris-x86 0.4.0 57.50 OK
r-release-linux-x86_64 0.4.0 2.02 28.05 30.07 OK
r-release-windows-ix86+x86_64 0.4.0 4.00 40.00 44.00 OK
r-release-osx-x86_64 0.4.0 OK
r-oldrel-windows-ix86+x86_64 0.4.0 3.00 42.00 45.00 OK
r-oldrel-osx-x86_64 0.4.0 OK

Check Details

Version: 0.4.0
Check: package vignettes
Result: NOTE
    Package vignette with placeholder title 'Vignette Title':
     'using-latex2exp.Rmd'
Flavors: r-devel-linux-x86_64-debian-clang, r-devel-linux-x86_64-debian-gcc, r-devel-windows-ix86+x86_64, r-devel-windows-ix86+x86_64-gcc8