CRAN Package Check Results for Package latte

Last updated on 2025-05-19 02:49:39 CEST.

Flavor Version Tinstall Tcheck Ttotal Status Flags
r-devel-linux-x86_64-debian-clang 0.2.1 8.53 61.59 70.12 NOTE
r-devel-linux-x86_64-debian-gcc 0.2.1 5.91 42.45 48.36 NOTE
r-devel-linux-x86_64-fedora-clang 0.2.1 119.69 OK
r-devel-linux-x86_64-fedora-gcc 0.2.1 101.65 OK
r-devel-windows-x86_64 0.2.1 11.00 84.00 95.00 NOTE
r-patched-linux-x86_64 0.2.1 9.23 57.32 66.55 NOTE
r-release-linux-x86_64 0.2.1 8.84 57.06 65.90 NOTE
r-release-macos-arm64 0.2.1 30.00 OK
r-release-macos-x86_64 0.2.1 56.00 OK
r-release-windows-x86_64 0.2.1 10.00 84.00 94.00 NOTE
r-oldrel-macos-arm64 0.2.1 31.00 NOTE
r-oldrel-macos-x86_64 0.2.1 45.00 NOTE
r-oldrel-windows-x86_64 0.2.1 14.00 92.00 106.00 NOTE

Check Details

Version: 0.2.1
Check: CRAN incoming feasibility
Result: NOTE Maintainer: ‘David Kahle <david@kahle.io>’ Package CITATION file contains call(s) to old-style citEntry(). Please use bibentry() instead. Flavors: r-devel-linux-x86_64-debian-clang, r-devel-linux-x86_64-debian-gcc

Version: 0.2.1
Check: Rd cross-references
Result: NOTE Found the following Rd file(s) with Rd \link{} targets missing package anchors: latte-optim.Rd: mp Please provide package anchors for all Rd \link{} targets not in the package itself and the base packages. Flavors: r-devel-linux-x86_64-debian-clang, r-devel-linux-x86_64-debian-gcc, r-devel-windows-x86_64, r-patched-linux-x86_64, r-release-linux-x86_64, r-release-windows-x86_64

Version: 0.2.1
Check: LazyData
Result: NOTE 'LazyData' is specified without a 'data' directory Flavors: r-oldrel-macos-arm64, r-oldrel-macos-x86_64, r-oldrel-windows-x86_64