CRAN Package Check Results for Package lazytrade

Last updated on 2025-07-03 01:48:58 CEST.

Flavor Version Tinstall Tcheck Ttotal Status Flags
r-devel-linux-x86_64-debian-clang 0.5.4 4.75 55.36 60.11 NOTE
r-devel-linux-x86_64-debian-gcc 0.5.4 3.15 41.00 44.15 NOTE
r-devel-linux-x86_64-fedora-clang 0.5.4 88.19 OK
r-devel-linux-x86_64-fedora-gcc 0.5.4 83.81 OK
r-devel-windows-x86_64 0.5.4 7.00 87.00 94.00 OK
r-patched-linux-x86_64 0.5.4 5.95 51.25 57.20 OK
r-release-linux-x86_64 0.5.4 4.63 50.27 54.90 OK
r-release-macos-arm64 0.5.4 34.00 OK
r-release-macos-x86_64 0.5.4 53.00 OK
r-release-windows-x86_64 0.5.4 9.00 85.00 94.00 OK
r-oldrel-macos-arm64 0.5.4 31.00 OK
r-oldrel-macos-x86_64 0.5.4 64.00 OK
r-oldrel-windows-x86_64 0.5.4 10.00 100.00 110.00 OK

Check Details

Version: 0.5.4
Check: CRAN incoming feasibility
Result: NOTE Maintainer: ‘Vladimir Zhbanko <vladimir.zhbanko@gmail.com>’ No Authors@R field in DESCRIPTION. Please add one, modifying Authors@R: person(given = "Vladimir", family = "Zhbanko", role = c("aut", "cre"), email = "vladimir.zhbanko@gmail.com") as necessary. Flavors: r-devel-linux-x86_64-debian-clang, r-devel-linux-x86_64-debian-gcc