Last updated on 2024-04-26 01:53:12 CEST.
Flavor | Version | Tinstall | Tcheck | Ttotal | Status | Flags |
---|---|---|---|---|---|---|
r-devel-linux-x86_64-debian-clang | 1.1.4 | 14.56 | 83.24 | 97.80 | OK | |
r-devel-linux-x86_64-debian-gcc | 1.1.4 | 8.35 | 59.97 | 68.32 | OK | |
r-devel-linux-x86_64-fedora-clang | 1.1.4 | 114.91 | NOTE | |||
r-devel-linux-x86_64-fedora-gcc | 1.1.4 | 107.05 | OK | |||
r-devel-windows-x86_64 | 1.1.4 | 11.00 | 83.00 | 94.00 | OK | |
r-patched-linux-x86_64 | 1.1.4 | 12.06 | 77.50 | 89.56 | OK | |
r-release-linux-x86_64 | 1.1.4 | 12.19 | 76.22 | 88.41 | OK | |
r-release-macos-arm64 | 1.1.4 | 34.00 | OK | |||
r-release-windows-x86_64 | 1.1.4 | 11.00 | 83.00 | 94.00 | OK | |
r-oldrel-macos-arm64 | 1.1.4 | 35.00 | OK | |||
r-oldrel-macos-x86_64 | 1.1.4 | 53.00 | OK | |||
r-oldrel-windows-x86_64 | 1.1.4 | 14.00 | 98.00 | 112.00 | OK |
Version: 1.1.4
Check: Rd cross-references
Result: NOTE
Undeclared package ‘gridExtra’ in Rd xrefs
Flavor: r-devel-linux-x86_64-fedora-clang