Last updated on 2022-07-03 01:48:57 CEST.
Flavor | Version | Tinstall | Tcheck | Ttotal | Status | Flags |
---|---|---|---|---|---|---|
r-devel-linux-x86_64-debian-clang | 2.0.0 | 138.38 | 502.90 | 641.28 | OK | |
r-devel-linux-x86_64-debian-gcc | 2.0.0 | 122.01 | 345.24 | 467.25 | OK | |
r-devel-linux-x86_64-fedora-clang | 2.0.0 | 792.29 | NOTE | |||
r-devel-linux-x86_64-fedora-gcc | 2.0.0 | 516.33 | OK | |||
r-devel-windows-x86_64 | 2.0.0 | 135.00 | 550.00 | 685.00 | OK | |
r-patched-linux-x86_64 | 2.0.0 | 122.93 | 483.70 | 606.63 | OK | |
r-release-linux-x86_64 | 2.0.0 | 114.38 | 483.78 | 598.16 | OK | |
r-release-macos-arm64 | 2.0.0 | 276.00 | NOTE | |||
r-release-macos-x86_64 | 2.0.0 | 297.00 | NOTE | |||
r-release-windows-x86_64 | 2.0.0 | 121.00 | 497.00 | 618.00 | OK | |
r-oldrel-macos-arm64 | 2.0.0 | 254.00 | NOTE | |||
r-oldrel-macos-x86_64 | 2.0.0 | 295.00 | NOTE | |||
r-oldrel-windows-ix86+x86_64 | 2.0.0 | 190.00 | 538.00 | 728.00 | NOTE |
Version: 2.0.0
Check: installed package size
Result: NOTE
installed size is 5.5Mb
sub-directories of 1Mb or more:
R 1.4Mb
doc 1.8Mb
libs 1.9Mb
Flavors: r-devel-linux-x86_64-fedora-clang, r-release-macos-arm64, r-release-macos-x86_64, r-oldrel-macos-arm64, r-oldrel-macos-x86_64, r-oldrel-windows-ix86+x86_64