CRAN Package Check Results for Package leaflet

Last updated on 2025-07-23 02:54:01 CEST.

Flavor Version Tinstall Tcheck Ttotal Status Flags
r-devel-linux-x86_64-debian-clang 2.2.2 5.20 73.26 78.46 NOTE
r-devel-linux-x86_64-debian-gcc 2.2.2 4.25 51.68 55.93 NOTE
r-devel-linux-x86_64-fedora-clang 2.2.2 119.74 OK
r-devel-linux-x86_64-fedora-gcc 2.2.2 114.70 OK
r-devel-windows-x86_64 2.2.2 9.00 96.00 105.00 NOTE
r-patched-linux-x86_64 2.2.2 5.90 68.54 74.44 NOTE
r-release-linux-x86_64 2.2.2 5.52 68.35 73.87 NOTE
r-release-macos-arm64 2.2.2 67.00 OK
r-release-macos-x86_64 2.2.2 68.00 OK
r-release-windows-x86_64 2.2.2 10.00 96.00 106.00 NOTE
r-oldrel-macos-arm64 2.2.2 34.00 OK
r-oldrel-macos-x86_64 2.2.2 57.00 OK
r-oldrel-windows-x86_64 2.2.2 11.00 115.00 126.00 OK

Check Details

Version: 2.2.2
Check: Rd cross-references
Result: NOTE Found the following Rd file(s) with Rd \link{} targets missing package anchors: addRasterImage.Rd: projectRaster gadmCHE.Rd: getData Please provide package anchors for all Rd \link{} targets not in the package itself and the base packages. Flavors: r-devel-linux-x86_64-debian-clang, r-devel-linux-x86_64-debian-gcc, r-devel-windows-x86_64, r-patched-linux-x86_64, r-release-linux-x86_64, r-release-windows-x86_64