Last updated on 2025-05-19 01:49:57 CEST.
Flavor | Version | Tinstall | Tcheck | Ttotal | Status | Flags |
---|---|---|---|---|---|---|
r-devel-linux-x86_64-debian-clang | 1.3 | 27.89 | 207.35 | 235.24 | NOTE | |
r-devel-linux-x86_64-debian-gcc | 1.3 | 19.40 | 149.48 | 168.88 | NOTE | |
r-devel-linux-x86_64-fedora-clang | 1.3 | 366.66 | NOTE | |||
r-devel-linux-x86_64-fedora-gcc | 1.3 | 354.53 | NOTE | |||
r-devel-windows-x86_64 | 1.3 | 23.00 | 195.00 | 218.00 | NOTE | |
r-patched-linux-x86_64 | 1.3 | 24.06 | 194.98 | 219.04 | NOTE | |
r-release-linux-x86_64 | 1.3 | 21.43 | 194.24 | 215.67 | NOTE | |
r-release-macos-arm64 | 1.3 | 83.00 | NOTE | |||
r-release-macos-x86_64 | 1.3 | 186.00 | NOTE | |||
r-release-windows-x86_64 | 1.3 | 24.00 | 195.00 | 219.00 | NOTE | |
r-oldrel-macos-arm64 | 1.3 | 90.00 | NOTE | |||
r-oldrel-macos-x86_64 | 1.3 | 149.00 | NOTE | |||
r-oldrel-windows-x86_64 | 1.3 | 22.00 | 229.00 | 251.00 | NOTE |
Version: 1.3
Check: CRAN incoming feasibility
Result: NOTE
Maintainer: ‘Yunting Sun <yunting.sun@gmail.com>’
No Authors@R field in DESCRIPTION.
Please add one, modifying
Authors@R: c(person(given = "Yunting",
family = "Sun",
role = c("aut", "cre"),
email = "yunting.sun@gmail.com"),
person(given = "Nancy",
family = "R.Zhang",
role = "aut",
email = "nzhang@stanford.edu"),
person(given = "Art",
family = "B.Owen",
role = "aut",
email = "owen@stanford.edu"))
as necessary.
Flavors: r-devel-linux-x86_64-debian-clang, r-devel-linux-x86_64-debian-gcc
Version: 1.3
Check: Rd files
Result: NOTE
checkRd: (-1) IPODFUN.Rd:18: Lost braces; missing escapes or markup?
18 | \item{H}{an N by N projection matrix X(X'X)^{-1}X' }
| ^
Flavors: r-devel-linux-x86_64-debian-clang, r-devel-linux-x86_64-debian-gcc, r-devel-linux-x86_64-fedora-clang, r-devel-linux-x86_64-fedora-gcc, r-devel-windows-x86_64, r-patched-linux-x86_64, r-release-linux-x86_64, r-release-macos-arm64, r-release-macos-x86_64, r-release-windows-x86_64, r-oldrel-macos-arm64, r-oldrel-macos-x86_64, r-oldrel-windows-x86_64