Last updated on 2024-05-06 02:52:29 CEST.
Flavor | Version | Tinstall | Tcheck | Ttotal | Status | Flags |
---|---|---|---|---|---|---|
r-devel-linux-x86_64-debian-clang | 0.1.2 | 62.64 | 142.71 | 205.35 | OK | |
r-devel-linux-x86_64-debian-gcc | 0.1.2 | 48.10 | 101.98 | 150.08 | OK | |
r-devel-linux-x86_64-fedora-clang | 0.1.2 | 267.48 | OK | |||
r-devel-linux-x86_64-fedora-gcc | 0.1.2 | 275.33 | OK | |||
r-devel-windows-x86_64 | 0.1.2 | 49.00 | 122.00 | 171.00 | NOTE | |
r-patched-linux-x86_64 | 0.1.2 | 45.30 | 130.98 | 176.28 | OK | |
r-release-linux-x86_64 | 0.1.2 | 45.25 | 136.21 | 181.46 | OK | |
r-release-macos-arm64 | 0.1.2 | 67.00 | OK | |||
r-release-windows-x86_64 | 0.1.2 | 50.00 | 127.00 | 177.00 | NOTE | |
r-oldrel-macos-arm64 | 0.1.2 | 74.00 | OK | |||
r-oldrel-macos-x86_64 | 0.1.2 | 118.00 | OK | |||
r-oldrel-windows-x86_64 | 0.1.2 | 64.00 | 159.00 | 223.00 | NOTE |
Version: 0.1.2
Check: package dependencies
Result: NOTE
Package suggested but not available for checking: 'doMC'
Flavors: r-devel-windows-x86_64, r-release-windows-x86_64, r-oldrel-windows-x86_64