CRAN Package Check Results for Package leri

Last updated on 2023-06-06 01:54:05 CEST.

Flavor Version Tinstall Tcheck Ttotal Status Flags
r-devel-linux-x86_64-debian-clang 0.0.1 2.37 36.25 38.62 NOTE
r-devel-linux-x86_64-debian-gcc 0.0.1 1.76 27.70 29.46 NOTE
r-devel-linux-x86_64-fedora-clang 0.0.1 47.16 NOTE
r-devel-linux-x86_64-fedora-gcc 0.0.1 58.34 NOTE
r-devel-windows-x86_64 0.0.1 3.00 50.00 53.00 NOTE
r-patched-linux-x86_64 0.0.1 1.94 34.63 36.57 NOTE
r-release-linux-x86_64 0.0.1 2.15 34.46 36.61 NOTE
r-release-macos-arm64 0.0.1 29.00 NOTE
r-release-macos-x86_64 0.0.1 37.00 NOTE
r-release-windows-x86_64 0.0.1 5.00 51.00 56.00 NOTE
r-oldrel-macos-arm64 0.0.1 24.00 NOTE
r-oldrel-macos-x86_64 0.0.1 25.00 NOTE
r-oldrel-windows-x86_64 0.0.1 4.00 56.00 60.00 NOTE

Check Details

Version: 0.0.1
Check: LazyData
Result: NOTE
     'LazyData' is specified without a 'data' directory
Flavors: r-devel-linux-x86_64-debian-clang, r-devel-linux-x86_64-debian-gcc, r-devel-linux-x86_64-fedora-clang, r-devel-linux-x86_64-fedora-gcc, r-devel-windows-x86_64, r-patched-linux-x86_64, r-release-linux-x86_64, r-release-macos-arm64, r-release-macos-x86_64, r-release-windows-x86_64, r-oldrel-macos-arm64, r-oldrel-macos-x86_64, r-oldrel-windows-x86_64