CRAN Package Check Results for Package lest

Last updated on 2022-07-04 02:53:34 CEST.

Flavor Version Tinstall Tcheck Ttotal Status Flags
r-devel-linux-x86_64-debian-clang 1.1.0 2.94 24.87 27.81 NOTE
r-devel-linux-x86_64-debian-gcc 1.1.0 2.83 19.33 22.16 NOTE
r-devel-linux-x86_64-fedora-clang 1.1.0 44.99 NOTE
r-devel-linux-x86_64-fedora-gcc 1.1.0 44.47 NOTE
r-devel-windows-x86_64 1.1.0 24.00 51.00 75.00 NOTE
r-patched-linux-x86_64 1.1.0 3.68 24.01 27.69 NOTE
r-release-linux-x86_64 1.1.0 3.06 24.39 27.45 NOTE
r-release-macos-arm64 1.1.0 17.00 NOTE
r-release-macos-x86_64 1.1.0 24.00 NOTE
r-release-windows-x86_64 1.1.0 20.00 50.00 70.00 NOTE
r-oldrel-macos-arm64 1.1.0 21.00 NOTE
r-oldrel-macos-x86_64 1.1.0 29.00 NOTE
r-oldrel-windows-ix86+x86_64 1.1.0 10.00 51.00 61.00 NOTE

Check Details

Version: 1.1.0
Check: LazyData
Result: NOTE
     'LazyData' is specified without a 'data' directory
Flavors: r-devel-linux-x86_64-debian-clang, r-devel-linux-x86_64-debian-gcc, r-devel-linux-x86_64-fedora-clang, r-devel-linux-x86_64-fedora-gcc, r-devel-windows-x86_64, r-patched-linux-x86_64, r-release-linux-x86_64, r-release-macos-arm64, r-release-macos-x86_64, r-release-windows-x86_64, r-oldrel-macos-arm64, r-oldrel-macos-x86_64, r-oldrel-windows-ix86+x86_64

Version: 1.1.0
Check: Rd cross-references
Result: NOTE
    Undeclared package ‘MESS’ in Rd xrefs
Flavor: r-devel-linux-x86_64-fedora-clang