Last updated on 2024-04-24 01:52:14 CEST.
Flavor | Version | Tinstall | Tcheck | Ttotal | Status | Flags |
---|---|---|---|---|---|---|
r-devel-linux-x86_64-debian-clang | 1.1.0 | 3.58 | 25.77 | 29.35 | NOTE | |
r-devel-linux-x86_64-debian-gcc | 1.1.0 | 2.64 | 19.65 | 22.29 | NOTE | |
r-devel-linux-x86_64-fedora-clang | 1.1.0 | 36.77 | NOTE | |||
r-devel-linux-x86_64-fedora-gcc | 1.1.0 | 35.25 | NOTE | |||
r-prerel-macos-arm64 | 1.1.0 | 17.00 | NOTE | |||
r-prerel-windows-x86_64 | 1.1.0 | 6.00 | 44.00 | 50.00 | NOTE | |
r-patched-linux-x86_64 | 1.1.0 | 3.03 | 24.71 | 27.74 | NOTE | |
r-release-linux-x86_64 | 1.1.0 | 3.33 | 24.94 | 28.27 | NOTE | |
r-release-macos-arm64 | 1.1.0 | 17.00 | NOTE | |||
r-release-macos-x86_64 | 1.1.0 | 24.00 | NOTE | |||
r-release-windows-x86_64 | 1.1.0 | 6.00 | 44.00 | 50.00 | NOTE | |
r-oldrel-macos-arm64 | 1.1.0 | 19.00 | NOTE | |||
r-oldrel-windows-x86_64 | 1.1.0 | 7.00 | 48.00 | 55.00 | NOTE |
Version: 1.1.0
Check: LazyData
Result: NOTE
'LazyData' is specified without a 'data' directory
Flavors: r-devel-linux-x86_64-debian-clang, r-devel-linux-x86_64-debian-gcc, r-devel-linux-x86_64-fedora-clang, r-devel-linux-x86_64-fedora-gcc, r-prerel-macos-arm64, r-prerel-windows-x86_64, r-patched-linux-x86_64, r-release-linux-x86_64, r-release-macos-arm64, r-release-macos-x86_64, r-release-windows-x86_64, r-oldrel-macos-arm64, r-oldrel-windows-x86_64
Version: 1.1.0
Check: Rd cross-references
Result: NOTE
Undeclared package ‘MESS’ in Rd xrefs
Flavor: r-devel-linux-x86_64-fedora-clang