CRAN Package Check Results for Package letsR

Last updated on 2025-04-30 02:50:43 CEST.

Flavor Version Tinstall Tcheck Ttotal Status Flags
r-devel-linux-x86_64-debian-clang 5.0 27.96 344.19 372.15 NOTE
r-devel-linux-x86_64-debian-gcc 5.0 16.76 224.77 241.53 NOTE
r-devel-linux-x86_64-fedora-clang 5.0 598.74 OK
r-devel-linux-x86_64-fedora-gcc 5.0 582.39 OK
r-devel-windows-x86_64 5.0 25.00 290.00 315.00 NOTE
r-patched-linux-x86_64 5.0 28.39 325.83 354.22 NOTE
r-release-linux-x86_64 5.0 24.49 331.08 355.57 NOTE
r-release-macos-arm64 5.0 246.00 OK
r-release-macos-x86_64 5.0 368.00 OK
r-release-windows-x86_64 5.0 27.00 292.00 319.00 NOTE
r-oldrel-macos-arm64 5.0 134.00 OK
r-oldrel-macos-x86_64 5.0 232.00 OK
r-oldrel-windows-x86_64 5.0 34.00 409.00 443.00 OK

Check Details

Version: 5.0
Check: Rd cross-references
Result: NOTE Found the following Rd file(s) with Rd \link{} targets missing package anchors: lets.presab.Rd: terra, sf lets.presab.grid.Rd: terra, sf lets.shFilter.Rd: terra, sf Please provide package anchors for all Rd \link{} targets not in the package itself and the base packages. Flavors: r-devel-linux-x86_64-debian-clang, r-devel-linux-x86_64-debian-gcc, r-devel-windows-x86_64, r-patched-linux-x86_64, r-release-linux-x86_64, r-release-windows-x86_64