Last updated on 2023-06-06 01:54:05 CEST.
Flavor | Version | Tinstall | Tcheck | Ttotal | Status | Flags |
---|---|---|---|---|---|---|
r-devel-linux-x86_64-debian-clang | 0.1.0 | 2.21 | 50.56 | 52.77 | OK | |
r-devel-linux-x86_64-debian-gcc | 0.1.0 | 1.95 | 36.60 | 38.55 | OK | |
r-devel-linux-x86_64-fedora-clang | 0.1.0 | 64.75 | NOTE | |||
r-devel-linux-x86_64-fedora-gcc | 0.1.0 | 75.34 | NOTE | |||
r-devel-windows-x86_64 | 0.1.0 | 4.00 | 60.00 | 64.00 | OK | |
r-patched-linux-x86_64 | 0.1.0 | 2.06 | 45.36 | 47.42 | OK | |
r-release-linux-x86_64 | 0.1.0 | 2.02 | 45.41 | 47.43 | OK | |
r-release-macos-arm64 | 0.1.0 | 29.00 | OK | |||
r-release-macos-x86_64 | 0.1.0 | 48.00 | OK | |||
r-release-windows-x86_64 | 0.1.0 | 5.00 | 65.00 | 70.00 | OK | |
r-oldrel-macos-arm64 | 0.1.0 | 22.00 | NOTE | |||
r-oldrel-macos-x86_64 | 0.1.0 | 30.00 | NOTE | |||
r-oldrel-windows-x86_64 | 0.1.0 | 3.00 | 67.00 | 70.00 | OK |
Version: 0.1.0
Check: dependencies in R code
Result: NOTE
Namespaces in Imports field not imported from:
‘cli’ ‘glue’ ‘stringr’
All declared Imports should be used.
Flavors: r-devel-linux-x86_64-fedora-clang, r-devel-linux-x86_64-fedora-gcc, r-oldrel-macos-arm64, r-oldrel-macos-x86_64