Last updated on 2025-11-11 02:50:44 CET.
| Flavor | Version | Tinstall | Tcheck | Ttotal | Status | Flags |
|---|---|---|---|---|---|---|
| r-devel-linux-x86_64-debian-clang | 2.3.0 | 47.62 | 136.40 | 184.02 | OK | |
| r-devel-linux-x86_64-debian-gcc | 2.3.0 | 34.83 | 93.81 | 128.64 | OK | |
| r-devel-linux-x86_64-fedora-clang | 2.3.0 | 181.00 | 141.53 | 322.53 | OK | |
| r-devel-linux-x86_64-fedora-gcc | 2.3.0 | 96.00 | 208.85 | 304.85 | OK | |
| r-devel-windows-x86_64 | 2.3.0 | 56.00 | 166.00 | 222.00 | OK | |
| r-patched-linux-x86_64 | 2.3.0 | 53.20 | 127.26 | 180.46 | OK | |
| r-release-linux-x86_64 | 2.3.0 | 51.99 | 126.05 | 178.04 | OK | |
| r-release-macos-arm64 | 2.3.0 | 23.00 | 55.00 | 78.00 | OK | |
| r-release-macos-x86_64 | 2.3.0 | 34.00 | 132.00 | 166.00 | OK | |
| r-release-windows-x86_64 | 2.3.0 | 60.00 | 160.00 | 220.00 | OK | |
| r-oldrel-macos-arm64 | 2.3.0 | 24.00 | 59.00 | 83.00 | OK | |
| r-oldrel-macos-x86_64 | 2.3.0 | 46.00 | 124.00 | 170.00 | OK | |
| r-oldrel-windows-x86_64 | 2.3.0 | 77.00 | 206.00 | 283.00 | NOTE |
Version: 2.3.0
Check: package dependencies
Result: NOTE
Package suggested but not available for checking: 'doMC'
Flavor: r-oldrel-windows-x86_64