Last updated on 2025-05-25 02:50:10 CEST.
Flavor | Version | Tinstall | Tcheck | Ttotal | Status | Flags |
---|---|---|---|---|---|---|
r-devel-linux-x86_64-debian-clang | 1.2.4 | 486.59 | 222.25 | 708.84 | NOTE | |
r-devel-linux-x86_64-debian-gcc | 1.2.4 | 467.38 | 195.71 | 663.09 | NOTE | |
r-devel-linux-x86_64-fedora-clang | 1.2.4 | 1112.44 | NOTE | |||
r-devel-linux-x86_64-fedora-gcc | 1.2.4 | 1599.32 | NOTE | |||
r-devel-windows-x86_64 | 1.2.4 | 529.00 | 277.00 | 806.00 | NOTE | |
r-patched-linux-x86_64 | 1.2.4 | 591.68 | 260.47 | 852.15 | NOTE | |
r-release-linux-x86_64 | 1.2.4 | 563.03 | 261.59 | 824.62 | NOTE | |
r-release-macos-arm64 | 1.2.4 | 282.00 | NOTE | |||
r-release-macos-x86_64 | 1.2.4 | 406.00 | NOTE | |||
r-release-windows-x86_64 | 1.2.4 | 523.00 | 271.00 | 794.00 | NOTE | |
r-oldrel-macos-arm64 | 1.2.4 | 158.00 | NOTE | |||
r-oldrel-macos-x86_64 | 1.2.4 | 192.00 | NOTE | |||
r-oldrel-windows-x86_64 | 1.2.4 | 610.00 | 347.00 | 957.00 | NOTE |
Version: 1.2.4
Check: Rd files
Result: NOTE
checkRd: (-1) prior_to_num.Rd:13: Lost braces; missing escapes or markup?
13 | {'uniform', 'normal', 'student-t', 'gamma', 'inv-gamma', 'log-normal'}
| ^
Flavors: r-devel-linux-x86_64-debian-clang, r-devel-linux-x86_64-debian-gcc, r-devel-linux-x86_64-fedora-clang, r-devel-linux-x86_64-fedora-gcc, r-devel-windows-x86_64, r-patched-linux-x86_64, r-release-linux-x86_64, r-release-macos-arm64, r-release-macos-x86_64, r-release-windows-x86_64, r-oldrel-macos-arm64, r-oldrel-macos-x86_64, r-oldrel-windows-x86_64
Version: 1.2.4
Check: installed package size
Result: NOTE
installed size is 115.7Mb
sub-directories of 1Mb or more:
libs 114.4Mb
Flavors: r-oldrel-macos-arm64, r-oldrel-macos-x86_64, r-oldrel-windows-x86_64
Version: 1.2.4
Check: for GNU extensions in Makefiles
Result: NOTE
GNU make is a SystemRequirements.
Flavors: r-oldrel-macos-arm64, r-oldrel-macos-x86_64, r-oldrel-windows-x86_64