Last updated on 2024-08-16 01:48:22 CEST.
Flavor | Version | Tinstall | Tcheck | Ttotal | Status | Flags |
---|---|---|---|---|---|---|
r-devel-linux-x86_64-debian-clang | 4.1.2 | 115.94 | 407.77 | 523.71 | OK | |
r-devel-linux-x86_64-debian-gcc | 4.1.2 | 84.73 | 253.07 | 337.80 | OK | |
r-devel-linux-x86_64-fedora-clang | 4.1.2 | 888.10 | OK | |||
r-devel-linux-x86_64-fedora-gcc | 4.1.2 | 926.00 | OK | |||
r-devel-windows-x86_64 | 4.1.2 | 124.00 | 386.00 | 510.00 | NOTE | |
r-patched-linux-x86_64 | 4.1.2 | 125.12 | 381.67 | 506.79 | OK | |
r-release-linux-x86_64 | 4.1.2 | 115.04 | 376.24 | 491.28 | OK | |
r-release-macos-arm64 | 4.1.2 | 237.00 | NOTE | |||
r-release-macos-x86_64 | 4.1.2 | 605.00 | NOTE | |||
r-release-windows-x86_64 | 4.1.2 | 126.00 | 386.00 | 512.00 | NOTE | |
r-oldrel-macos-arm64 | 4.1.2 | 237.00 | ERROR | |||
r-oldrel-macos-x86_64 | 4.1.2 | 499.00 | ERROR | |||
r-oldrel-windows-x86_64 | 4.1.2 | 153.00 | 500.00 | 653.00 | NOTE |
Version: 4.1.2
Check: installed package size
Result: NOTE
installed size is 5.4Mb
sub-directories of 1Mb or more:
R 1.0Mb
doc 1.0Mb
extdata 1.1Mb
libs 1.6Mb
Flavors: r-devel-windows-x86_64, r-release-macos-arm64, r-release-macos-x86_64, r-release-windows-x86_64, r-oldrel-macos-arm64, r-oldrel-macos-x86_64, r-oldrel-windows-x86_64
Version: 4.1.2
Check: running R code from vignettes
Result: ERROR
Errors in running code in vignettes:
when running code in ‘lidR-LAScatalog-engine.Rmd’
...
> plot(ctg, chunk = TRUE)
> opt_chunk_buffer(ctg) <- 0
> rasterize_terrain(ctg, 1, tin())
When sourcing ‘lidR-LAScatalog-engine.R’:
Error: A buffer greater than 0 is required to process the catalog.
Execution halted
‘lidR-LAS-class.Rmd’ using ‘UTF-8’... [3s/3s] OK
‘lidR-LAScatalog-class.Rmd’ using ‘UTF-8’... [3s/4s] OK
‘lidR-LAScatalog-engine.Rmd’ using ‘UTF-8’... failed
‘lidR-catalog-apply-examples.Rmd’ using ‘UTF-8’... [0s/0s] OK
‘lidR-computation-speed-LAScatalog.Rmd’ using ‘UTF-8’... [3s/4s] OK
Flavor: r-oldrel-macos-arm64
Version: 4.1.2
Check: running R code from vignettes
Result: ERROR
Errors in running code in vignettes:
when running code in ‘lidR-LAScatalog-engine.Rmd’
...
> plot(ctg, chunk = TRUE)
> opt_chunk_buffer(ctg) <- 0
> rasterize_terrain(ctg, 1, tin())
When sourcing ‘lidR-LAScatalog-engine.R’:
Error: A buffer greater than 0 is required to process the catalog.
Execution halted
‘lidR-LAS-class.Rmd’ using ‘UTF-8’... [5s/8s] OK
‘lidR-LAScatalog-class.Rmd’ using ‘UTF-8’... [6s/9s] OK
‘lidR-LAScatalog-engine.Rmd’ using ‘UTF-8’... failed
‘lidR-catalog-apply-examples.Rmd’ using ‘UTF-8’... [0s/0s] OK
‘lidR-computation-speed-LAScatalog.Rmd’ using ‘UTF-8’... [6s/9s] OK
Flavor: r-oldrel-macos-x86_64