Last updated on 2024-08-16 01:48:22 CEST.
Flavor | Version | Tinstall | Tcheck | Ttotal | Status | Flags |
---|---|---|---|---|---|---|
r-devel-linux-x86_64-debian-clang | 4.0.5 | 4.41 | 116.86 | 121.27 | NOTE | |
r-devel-linux-x86_64-debian-gcc | 4.0.5 | 3.64 | 77.88 | 81.52 | NOTE | |
r-devel-linux-x86_64-fedora-clang | 4.0.5 | 193.70 | OK | |||
r-devel-linux-x86_64-fedora-gcc | 4.0.5 | 180.76 | OK | |||
r-devel-windows-x86_64 | 4.0.5 | 8.00 | 140.00 | 148.00 | NOTE | |
r-patched-linux-x86_64 | 4.0.5 | 11.80 | 113.06 | 124.86 | OK | |
r-release-linux-x86_64 | 4.0.5 | 4.32 | 115.58 | 119.90 | OK | |
r-release-macos-arm64 | 4.0.5 | 50.00 | OK | |||
r-release-macos-x86_64 | 4.0.5 | 74.00 | OK | |||
r-release-windows-x86_64 | 4.0.5 | 9.00 | 140.00 | 149.00 | OK | |
r-oldrel-macos-arm64 | 4.0.5 | 49.00 | OK | |||
r-oldrel-macos-x86_64 | 4.0.5 | 94.00 | OK | |||
r-oldrel-windows-x86_64 | 4.0.5 | 9.00 | 175.00 | 184.00 | OK |
Version: 4.0.5
Check: Rd cross-references
Result: NOTE
Found the following Rd file(s) with Rd \link{} targets missing package
anchors:
raster2Cimg.Rd: as.cimg
Please provide package anchors for all Rd \link{} targets not in the
package itself and the base packages.
Flavors: r-devel-linux-x86_64-debian-clang, r-devel-linux-x86_64-debian-gcc, r-devel-windows-x86_64