Last updated on 2024-04-19 01:58:47 CEST.
Flavor | Version | Tinstall | Tcheck | Ttotal | Status | Flags |
---|---|---|---|---|---|---|
r-devel-linux-x86_64-debian-clang | 1.3.5 | 9.04 | 77.72 | 86.76 | OK | |
r-devel-linux-x86_64-debian-gcc | 1.3.5 | 6.46 | 57.80 | 64.26 | OK | |
r-devel-linux-x86_64-fedora-clang | 1.3.5 | 108.36 | NOTE | |||
r-devel-linux-x86_64-fedora-gcc | 1.3.5 | 114.07 | NOTE | |||
r-prerel-macos-arm64 | 1.3.5 | 39.00 | OK | |||
r-prerel-windows-x86_64 | 1.3.5 | 9.00 | 87.00 | 96.00 | OK | |
r-patched-linux-x86_64 | 1.3.5 | 11.99 | 72.30 | 84.29 | OK | |
r-release-linux-x86_64 | 1.3.5 | 8.22 | 74.60 | 82.82 | OK | |
r-release-macos-arm64 | 1.3.5 | 44.00 | OK | |||
r-release-macos-x86_64 | 1.3.5 | 65.00 | OK | |||
r-release-windows-x86_64 | 1.3.5 | 11.00 | 93.00 | 104.00 | OK | |
r-oldrel-macos-arm64 | 1.3.5 | 36.00 | NOTE | |||
r-oldrel-windows-x86_64 | 1.3.5 | 12.00 | 95.00 | 107.00 | OK |
Version: 1.3.5
Check: data for non-ASCII characters
Result: NOTE
Note: found 7 marked UTF-8 strings
Flavors: r-devel-linux-x86_64-fedora-clang, r-devel-linux-x86_64-fedora-gcc, r-oldrel-macos-arm64