Last updated on 2024-04-23 01:57:04 CEST.
Flavor | Version | Tinstall | Tcheck | Ttotal | Status | Flags |
---|---|---|---|---|---|---|
r-devel-linux-x86_64-debian-clang | 2.1.1 | 0.62 | 2.33 | 2.95 | ERROR | |
r-devel-linux-x86_64-debian-gcc | 2.1.1 | 45.60 | 316.96 | 362.56 | OK | |
r-devel-linux-x86_64-fedora-clang | 2.1.1 | 636.74 | NOTE | |||
r-devel-linux-x86_64-fedora-gcc | 2.1.1 | 637.02 | OK | |||
r-prerel-macos-arm64 | 2.1.1 | 161.00 | OK | |||
r-prerel-macos-x86_64 | 2.1.1 | 297.00 | OK | |||
r-prerel-windows-x86_64 | 2.1.1 | 53.00 | 270.00 | 323.00 | OK | |
r-patched-linux-x86_64 | 2.1.1 | 49.36 | 412.47 | 461.83 | OK | |
r-release-linux-x86_64 | 2.1.1 | 53.46 | 411.21 | 464.67 | OK | |
r-release-macos-arm64 | 2.1.1 | 177.00 | OK | |||
r-release-macos-x86_64 | 2.1.1 | 167.00 | OK | |||
r-release-windows-x86_64 | 2.1.1 | 66.00 | 359.00 | 425.00 | OK | |
r-oldrel-macos-arm64 | 2.1.1 | 128.00 | OK | |||
r-oldrel-windows-x86_64 | 2.1.1 | 68.00 | 348.00 | 416.00 | OK |
Version: 2.1.1
Check: package dependencies
Result: ERROR
Package required but not available: ‘pathview’
See section ‘The DESCRIPTION file’ in the ‘Writing R Extensions’
manual.
Flavor: r-devel-linux-x86_64-debian-clang
Version: 2.1.1
Check: package dependencies
Result: NOTE
Imports includes 26 non-default packages.
Importing from so many packages makes the package vulnerable to any of
them becoming unavailable. Move as many as possible to Suggests and
use conditionally.
Flavor: r-devel-linux-x86_64-fedora-clang