CRAN Package Check Results for Package limorhyde2

Last updated on 2025-10-30 01:50:05 CET.

Flavor Version Tinstall Tcheck Ttotal Status Flags
r-devel-linux-x86_64-debian-clang 0.1.0 3.49 166.52 170.01 OK
r-devel-linux-x86_64-debian-gcc 0.1.0 2.19 115.38 117.57 OK
r-devel-linux-x86_64-fedora-clang 0.1.0 20.00 257.05 277.05 OK
r-devel-linux-x86_64-fedora-gcc 0.1.0 15.00 267.70 282.70 OK
r-devel-windows-x86_64 0.1.0 6.00 156.00 162.00 OK
r-patched-linux-x86_64 0.1.0 0.34 1.93 2.27 ERROR
r-release-linux-x86_64 0.1.0 3.25 159.04 162.29 OK
r-release-macos-arm64 0.1.0 3.00 116.00 119.00 OK
r-release-macos-x86_64 0.1.0 3.00 177.00 180.00 OK
r-release-windows-x86_64 0.1.0 6.00 155.00 161.00 OK
r-oldrel-macos-arm64 0.1.0 1.00 66.00 67.00 OK
r-oldrel-macos-x86_64 0.1.0 2.00 115.00 117.00 OK
r-oldrel-windows-x86_64 0.1.0 7.00 205.00 212.00 OK

Check Details

Version: 0.1.0
Check: package dependencies
Result: ERROR Package required but not available: ‘DESeq2’ See section ‘The DESCRIPTION file’ in the ‘Writing R Extensions’ manual. Flavor: r-patched-linux-x86_64