Last updated on 2023-06-03 01:51:21 CEST.
Flavor | Version | Tinstall | Tcheck | Ttotal | Status | Flags |
---|---|---|---|---|---|---|
r-devel-linux-x86_64-debian-clang | 1.2.0 | 5.39 | 40.83 | 46.22 | NOTE | |
r-devel-linux-x86_64-debian-gcc | 1.2.0 | 3.51 | 32.17 | 35.68 | NOTE | |
r-devel-linux-x86_64-fedora-clang | 1.2.0 | 57.77 | NOTE | |||
r-devel-linux-x86_64-fedora-gcc | 1.2.0 | 54.96 | NOTE | |||
r-devel-windows-x86_64 | 1.2.0 | 6.00 | 54.00 | 60.00 | NOTE | |
r-patched-linux-x86_64 | 1.2.0 | NOTE | ||||
r-release-linux-x86_64 | 1.2.0 | 3.43 | 39.67 | 43.10 | NOTE | |
r-release-macos-arm64 | 1.2.0 | 24.00 | NOTE | |||
r-release-macos-x86_64 | 1.2.0 | 32.00 | NOTE | |||
r-release-windows-x86_64 | 1.2.0 | 8.00 | 58.00 | 66.00 | NOTE | |
r-oldrel-macos-arm64 | 1.2.0 | 19.00 | NOTE | |||
r-oldrel-macos-x86_64 | 1.2.0 | 40.00 | NOTE | |||
r-oldrel-windows-x86_64 | 1.2.0 | 8.00 | 62.00 | 70.00 | NOTE |
Version: 1.2.0
Check: LazyData
Result: NOTE
'LazyData' is specified without a 'data' directory
Flavors: r-devel-linux-x86_64-debian-clang, r-devel-linux-x86_64-debian-gcc, r-devel-linux-x86_64-fedora-clang, r-devel-linux-x86_64-fedora-gcc, r-devel-windows-x86_64, r-patched-linux-x86_64, r-release-linux-x86_64, r-release-macos-arm64, r-release-macos-x86_64, r-release-windows-x86_64, r-oldrel-macos-arm64, r-oldrel-macos-x86_64, r-oldrel-windows-x86_64