Last updated on 2024-03-29 01:51:09 CET.
Flavor | Version | Tinstall | Tcheck | Ttotal | Status | Flags |
---|---|---|---|---|---|---|
r-devel-linux-x86_64-debian-clang | 1.2.0 | 4.99 | 42.17 | 47.16 | NOTE | |
r-devel-linux-x86_64-debian-gcc | 1.2.0 | 3.81 | 33.20 | 37.01 | NOTE | |
r-devel-linux-x86_64-fedora-clang | 1.2.0 | 59.75 | NOTE | |||
r-devel-linux-x86_64-fedora-gcc | 1.2.0 | 58.34 | NOTE | |||
r-devel-windows-x86_64 | 1.2.0 | 5.00 | 53.00 | 58.00 | NOTE | |
r-patched-linux-x86_64 | 1.2.0 | 5.04 | 40.28 | 45.32 | NOTE | |
r-release-linux-x86_64 | 1.2.0 | 2.93 | 40.78 | 43.71 | NOTE | |
r-release-macos-arm64 | 1.2.0 | 24.00 | NOTE | |||
r-release-macos-x86_64 | 1.2.0 | 32.00 | NOTE | |||
r-release-windows-x86_64 | 1.2.0 | 8.00 | 56.00 | 64.00 | NOTE | |
r-oldrel-macos-arm64 | 1.2.0 | 19.00 | NOTE | |||
r-oldrel-windows-x86_64 | 1.2.0 | 9.00 | 68.00 | 77.00 | NOTE |
Version: 1.2.0
Check: LazyData
Result: NOTE
'LazyData' is specified without a 'data' directory
Flavors: r-devel-linux-x86_64-debian-clang, r-devel-linux-x86_64-debian-gcc, r-devel-linux-x86_64-fedora-clang, r-devel-linux-x86_64-fedora-gcc, r-devel-windows-x86_64, r-patched-linux-x86_64, r-release-linux-x86_64, r-release-macos-arm64, r-release-macos-x86_64, r-release-windows-x86_64, r-oldrel-macos-arm64, r-oldrel-windows-x86_64