Last updated on 2024-04-24 01:52:14 CEST.
Flavor | Version | Tinstall | Tcheck | Ttotal | Status | Flags |
---|---|---|---|---|---|---|
r-devel-linux-x86_64-debian-clang | 1.3.0 | 12.15 | 106.70 | 118.85 | NOTE | |
r-devel-linux-x86_64-debian-gcc | 1.3.0 | 7.93 | 77.24 | 85.17 | NOTE | |
r-devel-linux-x86_64-fedora-clang | 1.3.0 | 146.37 | NOTE | |||
r-devel-linux-x86_64-fedora-gcc | 1.3.0 | 149.12 | NOTE | |||
r-prerel-macos-arm64 | 1.3.0 | 49.00 | NOTE | |||
r-prerel-windows-x86_64 | 1.3.0 | 11.00 | 95.00 | 106.00 | NOTE | |
r-patched-linux-x86_64 | 1.3.0 | 10.71 | 102.35 | 113.06 | NOTE | |
r-release-linux-x86_64 | 1.3.0 | 6.28 | 99.22 | 105.50 | NOTE | |
r-release-macos-arm64 | 1.3.0 | 44.00 | NOTE | |||
r-release-macos-x86_64 | 1.3.0 | 82.00 | NOTE | |||
r-release-windows-x86_64 | 1.3.0 | 14.00 | 113.00 | 127.00 | NOTE | |
r-oldrel-macos-arm64 | 1.3.0 | 34.00 | NOTE | |||
r-oldrel-windows-x86_64 | 1.3.0 | 14.00 | 116.00 | 130.00 | NOTE |
Version: 1.3.0
Check: LazyData
Result: NOTE
'LazyData' is specified without a 'data' directory
Flavors: r-devel-linux-x86_64-debian-clang, r-devel-linux-x86_64-debian-gcc, r-devel-linux-x86_64-fedora-clang, r-devel-linux-x86_64-fedora-gcc, r-prerel-macos-arm64, r-prerel-windows-x86_64, r-patched-linux-x86_64, r-release-linux-x86_64, r-release-macos-arm64, r-release-macos-x86_64, r-release-windows-x86_64, r-oldrel-macos-arm64, r-oldrel-windows-x86_64