Last updated on 2024-04-23 01:57:04 CEST.
Flavor | Version | Tinstall | Tcheck | Ttotal | Status | Flags |
---|---|---|---|---|---|---|
r-devel-linux-x86_64-debian-clang | 0.0.1 | 2.79 | 26.99 | 29.78 | NOTE | |
r-devel-linux-x86_64-debian-gcc | 0.0.1 | 2.03 | 21.07 | 23.10 | NOTE | |
r-devel-linux-x86_64-fedora-clang | 0.0.1 | 38.08 | NOTE | |||
r-devel-linux-x86_64-fedora-gcc | 0.0.1 | 36.03 | NOTE | |||
r-prerel-macos-arm64 | 0.0.1 | 17.00 | NOTE | |||
r-prerel-windows-x86_64 | 0.0.1 | 4.00 | 48.00 | 52.00 | NOTE | |
r-patched-linux-x86_64 | 0.0.1 | 2.90 | 25.65 | 28.55 | NOTE | |
r-release-linux-x86_64 | 0.0.1 | 2.01 | 26.46 | 28.47 | NOTE | |
r-release-macos-arm64 | 0.0.1 | 17.00 | NOTE | |||
r-release-macos-x86_64 | 0.0.1 | 25.00 | NOTE | |||
r-release-windows-x86_64 | 0.0.1 | 4.00 | 46.00 | 50.00 | NOTE | |
r-oldrel-macos-arm64 | 0.0.1 | 19.00 | NOTE | |||
r-oldrel-windows-x86_64 | 0.0.1 | 7.00 | 52.00 | 59.00 | NOTE |
Version: 0.0.1
Check: LazyData
Result: NOTE
'LazyData' is specified without a 'data' directory
Flavors: r-devel-linux-x86_64-debian-clang, r-devel-linux-x86_64-debian-gcc, r-devel-linux-x86_64-fedora-clang, r-devel-linux-x86_64-fedora-gcc, r-prerel-macos-arm64, r-prerel-windows-x86_64, r-patched-linux-x86_64, r-release-linux-x86_64, r-release-macos-arm64, r-release-macos-x86_64, r-release-windows-x86_64, r-oldrel-macos-arm64, r-oldrel-windows-x86_64