Last updated on 2024-04-23 01:57:04 CEST.
Flavor | Version | Tinstall | Tcheck | Ttotal | Status | Flags |
---|---|---|---|---|---|---|
r-devel-linux-x86_64-debian-clang | 0.5.7 | 4.87 | 70.02 | 74.89 | NOTE | |
r-devel-linux-x86_64-debian-gcc | 0.5.7 | 4.84 | 52.57 | 57.41 | NOTE | |
r-devel-linux-x86_64-fedora-clang | 0.5.7 | 97.14 | NOTE | |||
r-devel-linux-x86_64-fedora-gcc | 0.5.7 | 102.98 | NOTE | |||
r-prerel-macos-arm64 | 0.5.7 | 36.00 | NOTE | |||
r-prerel-windows-x86_64 | 0.5.7 | 7.00 | 81.00 | 88.00 | NOTE | |
r-patched-linux-x86_64 | 0.5.7 | 6.24 | 67.53 | 73.77 | NOTE | |
r-release-linux-x86_64 | 0.5.7 | 4.80 | 64.79 | 69.59 | OK | |
r-release-macos-arm64 | 0.5.7 | 40.00 | OK | |||
r-release-macos-x86_64 | 0.5.7 | 56.00 | OK | |||
r-release-windows-x86_64 | 0.5.7 | 8.00 | 86.00 | 94.00 | OK | |
r-oldrel-macos-arm64 | 0.5.7 | 39.00 | OK | |||
r-oldrel-windows-x86_64 | 0.5.7 | 8.00 | 88.00 | 96.00 | OK |
Version: 0.5.7
Check: Rd files
Result: NOTE
checkRd: (-1) ld_build_html_site.Rd:41: Lost braces
41 | directory specified by `rmd_dir`. Note that this is an {{rmarkdown}}
| ^
checkRd: (-1) ld_create_doc.Rd:29: Lost braces
29 | directory specified by `rmd_dir`. Note that this is an {{rmarkdown}}
| ^
Flavors: r-devel-linux-x86_64-debian-clang, r-devel-linux-x86_64-debian-gcc, r-devel-linux-x86_64-fedora-clang, r-devel-linux-x86_64-fedora-gcc, r-prerel-macos-arm64, r-prerel-windows-x86_64, r-patched-linux-x86_64