Last updated on 2025-11-20 02:49:18 CET.
| Flavor | Version | Tinstall | Tcheck | Ttotal | Status | Flags |
|---|---|---|---|---|---|---|
| r-devel-linux-x86_64-debian-clang | 0.1.4 | 2.23 | 145.71 | 147.94 | NOTE | |
| r-devel-linux-x86_64-debian-gcc | 0.1.4 | 1.80 | 82.38 | 84.18 | NOTE | |
| r-devel-linux-x86_64-fedora-clang | 0.1.4 | 254.63 | OK | |||
| r-devel-linux-x86_64-fedora-gcc | 0.1.4 | 240.49 | OK | |||
| r-devel-windows-x86_64 | 0.1.4 | 4.00 | 140.00 | 144.00 | OK | |
| r-patched-linux-x86_64 | 0.1.4 | 2.23 | 136.61 | 138.84 | OK | |
| r-release-linux-x86_64 | 0.1.4 | 1.90 | 136.78 | 138.68 | OK | |
| r-release-macos-arm64 | 0.1.4 | OK | ||||
| r-release-macos-x86_64 | 0.1.4 | 2.00 | 163.00 | 165.00 | OK | |
| r-release-windows-x86_64 | 0.1.4 | 3.00 | 140.00 | 143.00 | OK | |
| r-oldrel-macos-arm64 | 0.1.4 | OK | ||||
| r-oldrel-macos-x86_64 | 0.1.4 | 2.00 | 139.00 | 141.00 | OK | |
| r-oldrel-windows-x86_64 | 0.1.4 | 3.00 | 194.00 | 197.00 | OK |
Version: 0.1.4
Check: CRAN incoming feasibility
Result: NOTE
Maintainer: ‘Will Cornwell <wcornwell@gmail.com>’
Found the following (possibly) invalid file URI:
URI: \doi%7B10.1111/2041-210X.12138%7D
From: README.md
Flavors: r-devel-linux-x86_64-debian-clang, r-devel-linux-x86_64-debian-gcc