Last updated on 2024-04-24 01:52:15 CEST.
Flavor | Version | Tinstall | Tcheck | Ttotal | Status | Flags |
---|---|---|---|---|---|---|
r-devel-linux-x86_64-debian-clang | 0.2.4 | 2.17 | 2.17 | ERROR | ||
r-devel-linux-x86_64-debian-gcc | 0.2.4 | 1.62 | 1.62 | ERROR | ||
r-devel-linux-x86_64-fedora-clang | 0.2.4 | 365.68 | OK | |||
r-devel-linux-x86_64-fedora-gcc | 0.2.4 | 347.52 | OK | |||
r-prerel-macos-arm64 | 0.2.4 | 82.00 | OK | |||
r-prerel-macos-x86_64 | 0.2.4 | 171.00 | OK | |||
r-prerel-windows-x86_64 | 0.2.4 | 22.00 | 171.00 | 193.00 | OK | |
r-patched-linux-x86_64 | 0.2.4 | 15.30 | 236.00 | 251.30 | OK | |
r-release-linux-x86_64 | 0.2.4 | 17.84 | 247.84 | 265.68 | OK | |
r-release-macos-arm64 | 0.2.4 | 96.00 | OK | |||
r-release-macos-x86_64 | 0.2.4 | 178.00 | OK | |||
r-release-windows-x86_64 | 0.2.4 | 30.00 | 223.00 | 253.00 | OK | |
r-oldrel-macos-arm64 | 0.2.4 | 94.00 | OK | |||
r-oldrel-windows-x86_64 | 0.2.4 | 31.00 | 208.00 | 239.00 | OK |
Version: 0.2.4
Check: package dependencies
Result: ERROR
Package required but not available: ‘genefilter’
See section ‘The DESCRIPTION file’ in the ‘Writing R Extensions’
manual.
Flavors: r-devel-linux-x86_64-debian-clang, r-devel-linux-x86_64-debian-gcc