Last updated on 2024-03-28 01:54:01 CET.
Flavor | Version | Tinstall | Tcheck | Ttotal | Status | Flags |
---|---|---|---|---|---|---|
r-devel-linux-x86_64-debian-clang | 0.2.4 | 14.51 | 131.30 | 145.81 | NOTE | |
r-devel-linux-x86_64-debian-gcc | 0.2.4 | 12.61 | 96.90 | 109.51 | NOTE | |
r-devel-linux-x86_64-fedora-clang | 0.2.4 | 180.43 | NOTE | |||
r-devel-linux-x86_64-fedora-gcc | 0.2.4 | 187.30 | NOTE | |||
r-devel-windows-x86_64 | 0.2.4 | 13.00 | 107.00 | 120.00 | NOTE | |
r-patched-linux-x86_64 | 0.2.4 | 15.07 | 127.80 | 142.87 | OK | |
r-release-linux-x86_64 | 0.2.4 | 11.58 | 123.49 | 135.07 | OK | |
r-release-macos-arm64 | 0.2.4 | 56.00 | OK | |||
r-release-macos-x86_64 | 0.2.4 | 84.00 | OK | |||
r-release-windows-x86_64 | 0.2.4 | 16.00 | 127.00 | 143.00 | OK | |
r-oldrel-macos-arm64 | 0.2.4 | 48.00 | OK | |||
r-oldrel-windows-x86_64 | 0.2.4 | 18.00 | 136.00 | 154.00 | OK |
Version: 0.2.4
Check: Rd files
Result: NOTE
checkRd: (-1) bootstrap_pvals.Rd:78: Lost braces; missing escapes or markup?
78 | $(n_{extreme} + 1) / (B + 1)$.
| ^
Flavors: r-devel-linux-x86_64-debian-clang, r-devel-linux-x86_64-debian-gcc, r-devel-linux-x86_64-fedora-clang, r-devel-linux-x86_64-fedora-gcc, r-devel-windows-x86_64