Last updated on 2022-05-27 02:50:19 CEST.
Flavor | Version | Tinstall | Tcheck | Ttotal | Status | Flags |
---|---|---|---|---|---|---|
r-devel-linux-x86_64-debian-clang | 1.5.2 | 5.19 | 92.91 | 98.10 | NOTE | |
r-devel-linux-x86_64-debian-gcc | 1.5.2 | 4.91 | 77.83 | 82.74 | NOTE | |
r-devel-linux-x86_64-fedora-clang | 1.5.2 | 119.80 | NOTE | |||
r-devel-linux-x86_64-fedora-gcc | 1.5.2 | 107.66 | NOTE | |||
r-devel-windows-x86_64 | 1.5.2 | 27.00 | 178.00 | 205.00 | NOTE | |
r-patched-linux-x86_64 | 1.5.2 | 6.99 | 89.92 | 96.91 | NOTE | |
r-release-linux-x86_64 | 1.5.2 | 4.24 | 90.63 | 94.87 | NOTE | |
r-release-macos-arm64 | 1.5.2 | 55.00 | NOTE | |||
r-release-macos-x86_64 | 1.5.2 | 78.00 | NOTE | |||
r-release-windows-x86_64 | 1.5.2 | 35.00 | 172.00 | 207.00 | NOTE | |
r-oldrel-macos-arm64 | 1.5.2 | 72.00 | NOTE | |||
r-oldrel-macos-x86_64 | 1.5.2 | 113.00 | NOTE | |||
r-oldrel-windows-ix86+x86_64 | 1.5.2 | 11.00 | 163.00 | 174.00 | NOTE |
Version: 1.5.2
Check: LazyData
Result: NOTE
'LazyData' is specified without a 'data' directory
Flavors: r-devel-linux-x86_64-debian-clang, r-devel-linux-x86_64-debian-gcc, r-devel-linux-x86_64-fedora-clang, r-devel-linux-x86_64-fedora-gcc, r-devel-windows-x86_64, r-patched-linux-x86_64, r-release-linux-x86_64, r-release-macos-arm64, r-release-macos-x86_64, r-release-windows-x86_64, r-oldrel-macos-arm64, r-oldrel-macos-x86_64, r-oldrel-windows-ix86+x86_64