Last updated on 2025-10-22 01:51:29 CEST.
Flavor | Version | Tinstall | Tcheck | Ttotal | Status | Flags |
---|---|---|---|---|---|---|
r-devel-linux-x86_64-debian-clang | 0.5.1 | 2.43 | 40.16 | 42.59 | NOTE | |
r-devel-linux-x86_64-debian-gcc | 0.5.1 | 1.96 | 31.93 | 33.89 | NOTE | |
r-devel-linux-x86_64-fedora-clang | 0.5.1 | 59.58 | OK | |||
r-devel-linux-x86_64-fedora-gcc | 0.5.1 | 61.57 | OK | |||
r-devel-windows-x86_64 | 0.5.1 | 4.00 | 62.00 | 66.00 | OK | |
r-patched-linux-x86_64 | 0.5.1 | 2.58 | 38.91 | 41.49 | OK | |
r-release-linux-x86_64 | 0.5.1 | 2.54 | 39.39 | 41.93 | OK | |
r-release-macos-arm64 | 0.5.1 | 2.00 | 32.00 | 34.00 | OK | |
r-release-macos-x86_64 | 0.5.1 | 3.00 | 47.00 | 50.00 | OK | |
r-release-windows-x86_64 | 0.5.1 | 5.00 | 67.00 | 72.00 | OK | |
r-oldrel-macos-arm64 | 0.5.1 | 2.00 | 28.00 | 30.00 | OK | |
r-oldrel-macos-x86_64 | 0.5.1 | 2.00 | 39.00 | 41.00 | OK | |
r-oldrel-windows-x86_64 | 0.5.1 | 4.00 | 64.00 | 68.00 | OK |
Version: 0.5.1
Check: CRAN incoming feasibility
Result: NOTE
Maintainer: ‘Hiroyuki Yamamoto <h.yama2396@gmail.com>’
No Authors@R field in DESCRIPTION.
Please add one, modifying
Authors@R: person(given = "Hiroyuki",
family = "Yamamoto",
role = c("aut", "cre"),
email = "h.yama2396@gmail.com")
as necessary.
Flavors: r-devel-linux-x86_64-debian-clang, r-devel-linux-x86_64-debian-gcc