Last updated on 2024-08-16 01:48:22 CEST.
Flavor | Version | Tinstall | Tcheck | Ttotal | Status | Flags |
---|---|---|---|---|---|---|
r-devel-linux-x86_64-debian-clang | 1.9 | 57.29 | 82.86 | 140.15 | OK | |
r-devel-linux-x86_64-debian-gcc | 1.9 | 48.08 | 62.43 | 110.51 | OK | |
r-devel-linux-x86_64-fedora-clang | 1.9 | 225.50 | OK | |||
r-devel-linux-x86_64-fedora-gcc | 1.9 | 251.18 | OK | |||
r-devel-windows-x86_64 | 1.9 | 54.00 | 111.00 | 165.00 | OK | |
r-patched-linux-x86_64 | 1.9 | 66.54 | 82.65 | 149.19 | OK | |
r-release-linux-x86_64 | 1.9 | 64.10 | 81.69 | 145.79 | OK | |
r-release-macos-arm64 | 1.9 | 66.00 | NOTE | |||
r-release-macos-x86_64 | 1.9 | 91.00 | NOTE | |||
r-release-windows-x86_64 | 1.9 | 55.00 | 112.00 | 167.00 | OK | |
r-oldrel-macos-arm64 | 1.9 | 75.00 | NOTE | |||
r-oldrel-macos-x86_64 | 1.9 | 112.00 | NOTE | |||
r-oldrel-windows-x86_64 | 1.9 | 70.00 | 137.00 | 207.00 | OK |
Version: 1.9
Check: installed package size
Result: NOTE
installed size is 27.9Mb
sub-directories of 1Mb or more:
libs 27.8Mb
Flavors: r-release-macos-arm64, r-release-macos-x86_64, r-oldrel-macos-arm64, r-oldrel-macos-x86_64