Last updated on 2024-04-19 01:58:47 CEST.
Flavor | Version | Tinstall | Tcheck | Ttotal | Status | Flags |
---|---|---|---|---|---|---|
r-devel-linux-x86_64-debian-clang | 0.1.1 | 5.60 | 54.56 | 60.16 | NOTE | |
r-devel-linux-x86_64-debian-gcc | 0.1.1 | 4.25 | 40.75 | 45.00 | NOTE | |
r-devel-linux-x86_64-fedora-clang | 0.1.1 | 73.46 | NOTE | |||
r-devel-linux-x86_64-fedora-gcc | 0.1.1 | 70.13 | NOTE | |||
r-prerel-macos-arm64 | 0.1.1 | 25.00 | NOTE | |||
r-prerel-windows-x86_64 | 0.1.1 | 7.00 | 59.00 | 66.00 | NOTE | |
r-patched-linux-x86_64 | 0.1.1 | 4.14 | 51.03 | 55.17 | NOTE | |
r-release-linux-x86_64 | 0.1.1 | 5.17 | 52.76 | 57.93 | NOTE | |
r-release-macos-arm64 | 0.1.1 | 29.00 | NOTE | |||
r-release-macos-x86_64 | 0.1.1 | 39.00 | NOTE | |||
r-release-windows-x86_64 | 0.1.1 | 7.00 | 66.00 | 73.00 | NOTE | |
r-oldrel-macos-arm64 | 0.1.1 | 26.00 | NOTE | |||
r-oldrel-windows-x86_64 | 0.1.1 | 7.00 | 71.00 | 78.00 | NOTE |
Version: 0.1.1
Check: LazyData
Result: NOTE
'LazyData' is specified without a 'data' directory
Flavors: r-devel-linux-x86_64-debian-clang, r-devel-linux-x86_64-debian-gcc, r-devel-linux-x86_64-fedora-clang, r-devel-linux-x86_64-fedora-gcc, r-prerel-macos-arm64, r-prerel-windows-x86_64, r-patched-linux-x86_64, r-release-linux-x86_64, r-release-macos-arm64, r-release-macos-x86_64, r-release-windows-x86_64, r-oldrel-macos-arm64, r-oldrel-windows-x86_64
Version: 0.1.1
Check: dependencies in R code
Result: NOTE
Namespace in Imports field not imported from: ‘checkmate’
All declared Imports should be used.
Flavors: r-devel-linux-x86_64-fedora-clang, r-devel-linux-x86_64-fedora-gcc, r-oldrel-macos-arm64