Last updated on 2022-07-03 01:48:57 CEST.
Flavor | Version | Tinstall | Tcheck | Ttotal | Status | Flags |
---|---|---|---|---|---|---|
r-devel-linux-x86_64-debian-clang | 0.4.2 | 3.34 | 47.34 | 50.68 | OK | |
r-devel-linux-x86_64-debian-gcc | 0.4.2 | 2.48 | 36.09 | 38.57 | OK | |
r-devel-linux-x86_64-fedora-clang | 0.4.2 | 70.23 | OK | |||
r-devel-linux-x86_64-fedora-gcc | 0.4.2 | 69.48 | OK | |||
r-devel-windows-x86_64 | 0.4.2 | 25.00 | 93.00 | 118.00 | NOTE | |
r-patched-linux-x86_64 | 0.4.2 | 3.38 | 45.64 | 49.02 | OK | |
r-release-linux-x86_64 | 0.4.2 | 2.36 | 45.78 | 48.14 | OK | |
r-release-macos-arm64 | 0.4.2 | 27.00 | OK | |||
r-release-macos-x86_64 | 0.4.2 | 37.00 | OK | |||
r-release-windows-x86_64 | 0.4.2 | 24.00 | 85.00 | 109.00 | NOTE | |
r-oldrel-macos-arm64 | 0.4.2 | 28.00 | OK | |||
r-oldrel-macos-x86_64 | 0.4.2 | 44.00 | OK | |||
r-oldrel-windows-ix86+x86_64 | 0.4.2 | 10.00 | 81.00 | 91.00 | NOTE |
Version: 0.4.2
Check: package dependencies
Result: NOTE
Package suggested but not available for checking: 'rsyslog'
Flavors: r-devel-windows-x86_64, r-release-windows-x86_64, r-oldrel-windows-ix86+x86_64
Version: 0.4.2
Check: Rd cross-references
Result: NOTE
Package unavailable to check Rd xrefs: 'rsyslog'
Flavor: r-oldrel-windows-ix86+x86_64