Last updated on 2024-04-26 01:53:12 CEST.
Flavor | Version | Tinstall | Tcheck | Ttotal | Status | Flags |
---|---|---|---|---|---|---|
r-devel-linux-x86_64-debian-clang | 0.4.3 | 3.61 | 46.46 | 50.07 | OK | |
r-devel-linux-x86_64-debian-gcc | 0.4.3 | 2.47 | 35.40 | 37.87 | OK | |
r-devel-linux-x86_64-fedora-clang | 0.4.3 | 64.50 | OK | |||
r-devel-linux-x86_64-fedora-gcc | 0.4.3 | 82.53 | OK | |||
r-devel-windows-x86_64 | 0.4.3 | 5.00 | 63.00 | 68.00 | NOTE | |
r-patched-linux-x86_64 | 0.4.3 | 3.51 | 44.44 | 47.95 | OK | |
r-release-linux-x86_64 | 0.4.3 | 3.26 | 43.15 | 46.41 | OK | |
r-release-macos-arm64 | 0.4.3 | 34.00 | OK | |||
r-release-windows-x86_64 | 0.4.3 | 6.00 | 62.00 | 68.00 | NOTE | |
r-oldrel-macos-arm64 | 0.4.3 | 36.00 | OK | |||
r-oldrel-macos-x86_64 | 0.4.3 | 52.00 | OK | |||
r-oldrel-windows-x86_64 | 0.4.3 | 6.00 | 67.00 | 73.00 | NOTE |
Version: 0.4.3
Check: package dependencies
Result: NOTE
Package suggested but not available for checking: 'rsyslog'
Flavors: r-devel-windows-x86_64, r-release-windows-x86_64, r-oldrel-windows-x86_64