CRAN Package Check Results for Package logKDE

Last updated on 2023-05-31 01:57:18 CEST.

Flavor Version Tinstall Tcheck Ttotal Status Flags
r-devel-linux-x86_64-debian-clang 0.3.2 20.09 62.23 82.32 NOTE
r-devel-linux-x86_64-debian-gcc 0.3.2 13.63 49.62 63.25 NOTE
r-devel-linux-x86_64-fedora-clang 0.3.2 112.92 NOTE
r-devel-linux-x86_64-fedora-gcc 0.3.2 117.36 NOTE
r-devel-windows-x86_64 0.3.2 16.00 94.00 110.00 NOTE
r-patched-linux-x86_64 0.3.2 16.32 62.05 78.37 NOTE
r-release-linux-x86_64 0.3.2 15.88 61.15 77.03 NOTE
r-release-macos-arm64 0.3.2 41.00 NOTE
r-release-macos-x86_64 0.3.2 65.00 NOTE
r-release-windows-x86_64 0.3.2 17.00 104.00 121.00 NOTE
r-oldrel-macos-arm64 0.3.2 33.00 NOTE
r-oldrel-macos-x86_64 0.3.2 46.00 NOTE
r-oldrel-windows-x86_64 0.3.2 21.00 105.00 126.00 NOTE

Check Details

Version: 0.3.2
Check: C++ specification
Result: NOTE
     Specified C++11: please drop specification unless essential
Flavors: r-devel-linux-x86_64-debian-clang, r-devel-linux-x86_64-debian-gcc, r-devel-linux-x86_64-fedora-clang, r-devel-linux-x86_64-fedora-gcc, r-devel-windows-x86_64, r-patched-linux-x86_64, r-release-linux-x86_64, r-release-macos-arm64, r-release-macos-x86_64, r-release-windows-x86_64

Version: 0.3.2
Check: LazyData
Result: NOTE
     'LazyData' is specified without a 'data' directory
Flavors: r-devel-linux-x86_64-debian-clang, r-devel-linux-x86_64-debian-gcc, r-devel-linux-x86_64-fedora-clang, r-devel-linux-x86_64-fedora-gcc, r-devel-windows-x86_64, r-patched-linux-x86_64, r-release-linux-x86_64, r-release-macos-arm64, r-release-macos-x86_64, r-release-windows-x86_64, r-oldrel-macos-arm64, r-oldrel-macos-x86_64, r-oldrel-windows-x86_64