CRAN Package Check Results for Package logitFD

Last updated on 2025-04-30 01:50:25 CEST.

Flavor Version Tinstall Tcheck Ttotal Status Flags
r-devel-linux-x86_64-debian-clang 1.0 8.85 71.01 79.86 NOTE
r-devel-linux-x86_64-debian-gcc 1.0 5.45 53.12 58.57 NOTE
r-devel-linux-x86_64-fedora-clang 1.0 123.40 OK
r-devel-linux-x86_64-fedora-gcc 1.0 117.90 OK
r-devel-windows-x86_64 1.0 9.00 87.00 96.00 OK
r-patched-linux-x86_64 1.0 8.44 68.70 77.14 OK
r-release-linux-x86_64 1.0 8.33 68.55 76.88 OK
r-release-macos-arm64 1.0 38.00 OK
r-release-macos-x86_64 1.0 66.00 OK
r-release-windows-x86_64 1.0 9.00 86.00 95.00 OK
r-oldrel-macos-arm64 1.0 38.00 OK
r-oldrel-macos-x86_64 1.0 84.00 OK
r-oldrel-windows-x86_64 1.0 12.00 99.00 111.00 OK

Check Details

Version: 1.0
Check: CRAN incoming feasibility
Result: NOTE Maintainer: ‘Manuel Escabias <escabias@ugr.es>’ No Authors@R field in DESCRIPTION. Please add one, modifying Authors@R: c(person(given = c("Carmen", "Lucia", "Reina", "Ana", "Maria", "Aguilera"), family = "<aaguiler@ugr.es>", role = "aut", email = "aaguiler@ugr.es"), person(given = "Manuel", family = "Escabias", role = c("aut", "cre"), email = "escabias@ugr.es")) as necessary. Flavors: r-devel-linux-x86_64-debian-clang, r-devel-linux-x86_64-debian-gcc