CRAN Package Check Results for Package logitnorm

Last updated on 2022-05-27 02:50:19 CEST.

Flavor Version Tinstall Tcheck Ttotal Status Flags
r-devel-linux-x86_64-debian-clang 0.8.38 2.47 42.14 44.61 NOTE
r-devel-linux-x86_64-debian-gcc 0.8.38 1.70 34.92 36.62 NOTE
r-devel-linux-x86_64-fedora-clang 0.8.38 51.36 NOTE
r-devel-linux-x86_64-fedora-gcc 0.8.38 40.91 NOTE
r-devel-windows-x86_64 0.8.38 31.00 64.00 95.00 NOTE
r-patched-linux-x86_64 0.8.38 2.71 38.89 41.60 NOTE
r-release-linux-x86_64 0.8.38 2.42 39.50 41.92 NOTE
r-release-macos-arm64 0.8.38 20.00 NOTE
r-release-macos-x86_64 0.8.38 29.00 NOTE
r-release-windows-x86_64 0.8.38 27.00 57.00 84.00 NOTE
r-oldrel-macos-arm64 0.8.38 21.00 NOTE
r-oldrel-macos-x86_64 0.8.38 34.00 NOTE
r-oldrel-windows-ix86+x86_64 0.8.38 6.00 53.00 59.00 NOTE

Check Details

Version: 0.8.38
Check: LazyData
Result: NOTE
     'LazyData' is specified without a 'data' directory
Flavors: r-devel-linux-x86_64-debian-clang, r-devel-linux-x86_64-debian-gcc, r-devel-linux-x86_64-fedora-clang, r-devel-linux-x86_64-fedora-gcc, r-devel-windows-x86_64, r-patched-linux-x86_64, r-release-linux-x86_64, r-release-macos-arm64, r-release-macos-x86_64, r-release-windows-x86_64, r-oldrel-macos-arm64, r-oldrel-macos-x86_64, r-oldrel-windows-ix86+x86_64